--
-- Host: localhost    Database: rsdb
-- ------------------------------------------------------


--
-- Table structure for table `courses`
--

CREATE TABLE `courses` (
  `id` int NOT NULL AUTO_INCREMENT,
  `title` varchar(600) DEFAULT NULL,
  `enabled` int DEFAULT '0',
  PRIMARY KEY (`id`)
) ENGINE=InnoDB AUTO_INCREMENT=4 DEFAULT CHARSET=utf8mb4 COLLATE=utf8mb4_0900_ai_ci;

--
-- Dumping data for table `courses`
--

INSERT INTO `courses` VALUES (1,'Practice Completing a Survey',1),(2,'Risk Management',1),(3,'Osteopathic Medicine',1);

--
-- Table structure for table `courses_surveys`
--

CREATE TABLE `courses_surveys` (
  `id` int NOT NULL AUTO_INCREMENT,
  `course_id` int NOT NULL,
  `survey_id` int NOT NULL,
  PRIMARY KEY (`id`)
) ENGINE=InnoDB AUTO_INCREMENT=35 DEFAULT CHARSET=utf8mb4 COLLATE=utf8mb4_0900_ai_ci;

--
-- Dumping data for table `courses_surveys`
--

INSERT INTO `courses_surveys` VALUES (16,1,1),(17,1,3),(33,3,4),(34,2,2);

--
-- Table structure for table `email_queue`
--

CREATE TABLE `email_queue` (
  `id` int NOT NULL AUTO_INCREMENT,
  `recipient` varchar(255) NOT NULL,
  `content` varchar(9000) NOT NULL,
  `sent` int DEFAULT '0',
  `timestamp` int DEFAULT NULL,
  `error` varchar(255) DEFAULT NULL,
  `insert_time` int DEFAULT NULL,
  `importance` int DEFAULT '0',
  `subject` varchar(255) NOT NULL,
  `send_at` int NOT NULL,
  PRIMARY KEY (`id`)
) ENGINE=InnoDB AUTO_INCREMENT=26 DEFAULT CHARSET=utf8mb4 COLLATE=utf8mb4_0900_ai_ci;

--
-- Dumping data for table `email_queue`
--

INSERT INTO `email_queue` VALUES (1,'peabo83@gmail.com','This email address has been registered at <a href=\"r2.readiness-survey.com\">r2.readiness-survey.com</a>. Please click <a href=\"https://r2.readiness-survey.com/index?selector=3Afg6hhMTpue47aS&token=jGYzQ7e2ibbwA95R\">this link</a> to verify your email address. This link will expire Feb 05th, 7:26:53 pm (UTC).<br>\r\n	<br>\r\n	To <a href=\"https://r2.readiness-survey.com/unsubscribe?email=peabo83@gmail.com&token=$2a$09$DaL6zUsqD5avfQxiiAnttetd3MPcc.Xcy.YM4gryE5peEIWytum.2\">unsubscribe</a> from Volunteeripate emails click <a href=\"https://r2.readiness-survey.com/unsubscribe?email=peabo83@gmail.com&token=$2a$09$DaL6zUsqD5avfQxiiAnttetd3MPcc.Xcy.YM4gryE5peEIWytum.2\">here</a>',1,1675622223,NULL,1675621613,2,'Email Verification',1675621613),(2,'peabo@ding.tips','This email address has been registered at <a href=\"v2.readiness-survey.com\">v2.readiness-survey.com</a>. Please click <a href=\"https://v2.readiness-survey.com/index?selector=aL_gI7sU7nKgFRjP&token=CfNcPYGvgangBNXb\">this link</a> to verify your email address. This link will expire Feb 05th, 7:53:18 pm (UTC).<br>\r\n	<br>',1,1675623244,NULL,1675623198,2,'Email Verification',1675623198),(3,'peabo@ding.tips','A request has been made to update the password for the Volunteeripate account that uses this email address. <a href=\"https://v2.readiness-survey.com/reset.php?selector=yEKZhk2PXoo7EYfBESOr&token=QRH3tiOLcK70yL0bkBFI\">Click this link to reset your password</a>. This link will expire at Feb 06th, 1:04:55 am (UTC).<br>\r\n	<br>',1,1675623902,NULL,1675623895,1,'Password Reset',1675623895),(4,'dev@nuclearblender.com','A request has been made to update the password for the account that uses this email address at <a href=\"v2.readiness-survey.com\">v2.readiness-survey.com</a>. <a href=\"https://v2.readiness-survey.com/reset.php?selector=Ap-GCg5BtIdS-3J_fZIO&token=6_eFaZzZPPgPDEOvbDRo\">Click this link to reset your password</a>. This link will expire at Feb 07th, 10:13:15 pm (UTC).<br>\r\n	<br>',1,1675786442,NULL,1675786395,1,'Password Reset',1675786395),(5,'jacklanders@bluewaterlearning.com','This email address has been registered at <a href=\"v2.readiness-survey.com\">v2.readiness-survey.com</a>. Please click <a href=\"https://v2.readiness-survey.com/index?selector=MpnmOP70ztJA6ydc&token=6cycdaKZ3Ki-kQFL\">this link</a> to verify your email address. This link will expire Feb 07th, 11:24:47 pm (UTC).<br>\r\n	<br>',1,1675808702,NULL,1675808687,2,'Email Verification',1675808687),(6,'mfrost@ding.tips','This email address has been registered at <a href=\"v2.readiness-survey.com\">v2.readiness-survey.com</a>. Please click <a href=\"https://v2.readiness-survey.com/index?selector=XIYvmehptFGTrjBn&token=wGsmc1gvZqISXFFa\">this link</a> to verify your email address. This link will expire Feb 08th, 12:33:39 am (UTC).<br>\r\n	<br>',1,1675812842,NULL,1675812819,2,'Email Verification',1675812819),(7,'efboone828@gmail.com','This email address has been registered at <a href=\"ibpsa.readiness-survey.com\">ibpsa.readiness-survey.com</a>. Please click <a href=\"https://ibpsa.readiness-survey.com/index?selector=LMFKz8KdsK-BF7Ae&token=vXU1Xz1DjaMOPPK1\">this link</a> to verify your email address. This link will expire Feb 13th, 5:29:42 pm (UTC).<br>\r\n	<br>',1,1676305802,NULL,1676305782,2,'Email Verification',1676305782),(8,'ben@ibpsa.com','This email address has been registered at <a href=\"ibpsa.readiness-survey.com\">ibpsa.readiness-survey.com</a>. Please click <a href=\"https://ibpsa.readiness-survey.com/index?selector=lChMWNhdRPfGcyIU&token=TyN9iRX7WZuaS7WZ\">this link</a> to verify your email address. This link will expire Feb 23rd, 10:23:29 pm (UTC).<br>\r\n	<br>',1,1677187442,NULL,1677187409,2,'Email Verification',1677187409),(9,'ericfboone@gmail.com','This email address has been registered at <a href=\"ibpsa.readiness-survey.com\">ibpsa.readiness-survey.com</a>. Please click <a href=\"https://ibpsa.readiness-survey.com/index?selector=sinMQqCCXZzcEadD&token=R8_b_0P1fPvAs4vH\">this link</a> to verify your email address. This link will expire Mar 08th, 2:17:34 am (UTC).<br>\r\n	<br>',1,1678238282,NULL,1678238254,2,'Email Verification',1678238254),(10,'test@ding.tips','This email address has been registered at <a href=\"demo.readiness-survey.com\">demo.readiness-survey.com</a>. Please click <a href=\"https://demo.readiness-survey.com/index?selector=sl8kjjK2TvUiSnJe&token=OZ51HK5iv-hlUKOC\">this link</a> to verify your email address. This link will expire Aug 17th, 11:38:51 am (CDT).<br>\r\n	<br>',1,1692286742,NULL,1692286731,2,'Email Verification',1692286731),(11,'nobody@ding.tips','This email address has been registered at <a href=\"demo.readiness-survey.com\">demo.readiness-survey.com</a>. Please click <a href=\"https://demo.readiness-survey.com/index?selector=tTkAPqBFYxvS8fS4&token=pNuBkGZbNunoodaZ\">this link</a> to verify your email address. This link will expire Aug 17th, 11:43:37 am (CDT).<br>\r\n	<br>',1,1692287042,NULL,1692287017,2,'Email Verification',1692287017),(12,'nobody@ding.tips','This email address has been registered at <a href=\"demo.readiness-survey.com\">demo.readiness-survey.com</a>. Please click <a href=\"https://demo.readiness-survey.com/index?selector=f1UpAVyJ0Eg1PI0H&token=0AbR1jIf8d_T3XnN\">this link</a> to verify your email address. This link will expire Aug 17th, 12:01:15 pm (CDT).<br>\r\n	<br>',1,1692288121,NULL,1692288075,2,'Email Verification',1692288075),(13,'nobody@ding.tips','This email address has been registered at <a href=\"demo.readiness-survey.com\">demo.readiness-survey.com</a>. Please click <a href=\"https://demo.readiness-survey.com/index?selector=0ujguG4AaXQDRFxQ&token=GtwyCqt754EFzi5g\">this link</a> to verify your email address. This link will expire Aug 17th, 1:03:01 pm (CDT).<br>\r\n	<br>',1,1692291782,NULL,1692291781,2,'Email Verification',1692291781),(14,'nobody@ding.tips','This email address has been registered at <a href=\"demo.readiness-survey.com\">demo.readiness-survey.com</a>. Please click <a href=\"https://demo.readiness-survey.com/index?selector=Izl9uBlhXVoaLHI1&token=9HhrU0E1496RCt7I\">this link</a> to verify your email address. This link will expire Aug 17th, 1:05:54 pm (CDT).<br>\r\n	<br>',1,1692291962,NULL,1692291954,2,'Email Verification',1692291954),(15,'nobody@ding.tips','This email address has been registered at <a href=\"demo.readiness-survey.com\">demo.readiness-survey.com</a>. Please click <a href=\"https://demo.readiness-survey.com/index?selector=xGGbCBMLCVvBDVYM&token=sYsBi39LKrqBfSEG\">this link</a> to verify your email address. This link will expire Aug 17th, 1:09:46 pm (CDT).<br>\r\n	<br>',1,1692292202,NULL,1692292186,2,'Email Verification',1692292186),(16,'nobody@ding.tips','This email address has been registered at <a href=\"demo.readiness-survey.com\">demo.readiness-survey.com</a>. Please click <a href=\"https://demo.readiness-survey.com/index?selector=rOG_q6qH33-lUmX4&token=ZS6jw3_b3rVyqCO8\">this link</a> to verify your email address. This link will expire Aug 17th, 1:12:49 pm (CDT).<br>\r\n	<br>',1,1692292382,NULL,1692292369,2,'Email Verification',1692292369),(17,'nobody@ding.tips','This email address has been registered at <a href=\"demo.readiness-survey.com\">demo.readiness-survey.com</a>. Please click <a href=\"https://demo.readiness-survey.com/index?selector=_TAVA0-CiZ50s9kp&token=RfoGiJGJP1aAbbwV\">this link</a> to verify your email address. This link will expire Aug 17th, 1:13:36 pm (CDT).<br>\r\n	<br>',1,1692292441,NULL,1692292416,2,'Email Verification',1692292416),(18,'nobody@ding.tips','This email address has been registered at <a href=\"demo.readiness-survey.com\">demo.readiness-survey.com</a>. Please click <a href=\"https://demo.readiness-survey.com/index?selector=c4b9-Hp0eFemPvWj&token=rOAm5FdrEDi_B1iz\">this link</a> to verify your email address. This link will expire Aug 17th, 1:14:11 pm (CDT).<br>\r\n	<br>',1,1692292503,NULL,1692292451,2,'Email Verification',1692292451),(19,'nobody@ding.tips','This email address has been registered at <a href=\"demo.readiness-survey.com\">demo.readiness-survey.com</a>. Please click <a href=\"https://demo.readiness-survey.com/index?selector=qEGO3HF-m__b2Oj2&token=rmXVsplYobFeUFNx\">this link</a> to verify your email address. This link will expire Aug 17th, 1:15:34 pm (CDT).<br>\r\n	<br>',1,1692292562,NULL,1692292534,2,'Email Verification',1692292534),(20,'nobody@ding.tips','This email address has been registered at <a href=\"demo.readiness-survey.com\">demo.readiness-survey.com</a>. Please click <a href=\"https://demo.readiness-survey.com/index?selector=w79dzEeoiAAdZnwF&token=iaE5pqGDfOOHfQ9L\">this link</a> to verify your email address. This link will expire Aug 17th, 1:18:42 pm (CDT).<br>\r\n	<br>',1,1692292742,NULL,1692292722,2,'Email Verification',1692292722),(21,'nobody@ding.tips','This email address has been registered at <a href=\"demo.readiness-survey.com\">demo.readiness-survey.com</a>. Please click <a href=\"https://demo.readiness-survey.com/index?selector=6_dlJg4g3FgePMHV&token=09NP4wjYNk68VTsv\">this link</a> to verify your email address. This link will expire Aug 17th, 1:23:58 pm (CDT).<br>\r\n	<br>',1,1692293042,NULL,1692293038,2,'Email Verification',1692293038),(22,'nobody@ding.tips','This email address has been registered at <a href=\"demo.readiness-survey.com\">demo.readiness-survey.com</a>. Please click <a href=\"https://demo.readiness-survey.com/index?selector=RWEJy-fFb28ND0Wj&token=hLvSsyerutRrIJeK\">this link</a> to verify your email address. This link will expire Aug 17th, 1:24:56 pm (CDT).<br>\r\n	<br>',1,1692293101,NULL,1692293096,2,'Email Verification',1692293096),(23,'nobody@ding.tips','This email address has been registered at <a href=\"demo.readiness-survey.com\">demo.readiness-survey.com</a>. Please click <a href=\"https://demo.readiness-survey.com/index?selector=HHDKRadXaHkjkIcm&token=ClMFlzowerEzY0gE\">this link</a> to verify your email address. This link will expire Aug 17th, 1:26:15 pm (CDT).<br>\r\n	<br>',1,1692293221,NULL,1692293175,2,'Email Verification',1692293175),(24,'nobody@ding.tips','This email address has been registered at <a href=\"demo.readiness-survey.com\">demo.readiness-survey.com</a>. Please click <a href=\"https://demo.readiness-survey.com/index?selector=BdBupfVVNRpDflsR&token=pDDpyBd6HYY-sAfN\">this link</a> to verify your email address. This link will expire Aug 17th, 1:26:42 pm (CDT).<br>\r\n	<br>',1,1692293222,NULL,1692293202,2,'Email Verification',1692293202),(25,'marynunaley@lavenderdragonteam.com','This email address has been registered at <a href=\"demo.readiness-survey.com\">demo.readiness-survey.com</a>. Please click <a href=\"https://demo.readiness-survey.com/index?selector=I1Fg5Caa6NE5slev&token=V8PcWJjNY2Q1zSCK\">this link</a> to verify your email address. This link will expire Sep 16th, 7:29:37 am (CDT).<br>\r\n	<br>',1,1694863802,NULL,1694863777,2,'Email Verification',1694863777);

--
-- Table structure for table `extra_info`
--

CREATE TABLE `extra_info` (
  `id` int NOT NULL AUTO_INCREMENT,
  `handle` varchar(300) DEFAULT NULL,
  `for_location` int DEFAULT '0',
  `for_creation` int DEFAULT '0',
  `for_editable` int DEFAULT '0',
  `type` int NOT NULL,
  `enabled` int DEFAULT '0',
  `parent_id` int DEFAULT NULL,
  PRIMARY KEY (`id`)
) ENGINE=InnoDB AUTO_INCREMENT=37 DEFAULT CHARSET=utf8mb4 COLLATE=utf8mb4_0900_ai_ci;

--
-- Dumping data for table `extra_info`
--

INSERT INTO `extra_info` VALUES (1,'Region',1,1,1,4,1,NULL),(2,'Title',0,1,1,1,1,NULL),(3,'Employee ID',0,1,0,2,1,NULL),(5,'Region 001 - Hawaii',0,0,0,4,1,1),(6,'Region 002 - Alaska',0,0,0,4,1,1),(10,'District 101',0,0,0,4,1,5),(11,'Store 101 - Pearl City',0,0,0,4,1,10),(12,'Region 017 - Canada (12 - 17)',0,0,0,4,1,1),(13,'Region 159 - West',0,0,0,4,1,1),(14,'Region 183 - Central',0,0,0,4,1,1),(15,'Region 165 - Midwest',0,0,0,4,1,1),(16,'Region 126 - South East',0,0,0,4,1,1),(17,'Region 169 - North East',0,0,0,4,1,1),(19,'District 1261',0,0,0,4,0,16),(20,'Store 12611 - Atlanta',0,0,0,4,1,19),(21,'District 1262',0,0,0,4,1,16),(22,'Store 12622 - Orlando',0,0,0,4,1,21),(23,'Store 12621 - Tampa Bay',0,0,0,4,0,21),(24,'District 17',0,0,0,4,1,12),(25,'Store 171 - Ontario',0,0,0,4,1,24),(26,'Store 102 - Honolulu',0,0,0,4,1,10),(27,'District 1691 - Bill Hilarad Group',0,0,0,4,1,17),(28,'Facility 16911 - New York',0,0,0,4,1,27),(29,'District 1651',0,0,0,4,1,15),(30,'Store 16511 - Chicago',0,0,0,4,1,29),(31,'Facility Pineville NC',0,0,0,4,1,16),(32,'Facility Charlott NC',0,0,0,4,1,16),(33,'Facility North Lake NC',0,0,0,4,1,16),(35,'New Region',0,0,0,4,1,0);

--
-- Table structure for table `extra_info_options`
--

CREATE TABLE `extra_info_options` (
  `id` int NOT NULL AUTO_INCREMENT,
  `extra_info_id` int NOT NULL,
  `handle` varchar(300) NOT NULL,
  PRIMARY KEY (`id`)
) ENGINE=InnoDB AUTO_INCREMENT=47 DEFAULT CHARSET=utf8mb4 COLLATE=utf8mb4_0900_ai_ci;

--
-- Dumping data for table `extra_info_options`
--

INSERT INTO `extra_info_options` VALUES (44,4,'202'),(45,4,'203'),(46,4,'204');

--
-- Table structure for table `global`
--

CREATE TABLE `global` (
  `site_enabled` int DEFAULT '1',
  `cron_enabled` int DEFAULT '0',
  `email_queue` int DEFAULT '0',
  `default_timezone` varchar(50) DEFAULT 'America/Chicago'
) ENGINE=InnoDB DEFAULT CHARSET=utf8mb4 COLLATE=utf8mb4_0900_ai_ci;

--
-- Dumping data for table `global`
--

INSERT INTO `global` VALUES (1,1,1,'America/Chicago');

--
-- Table structure for table `locations`
--

CREATE TABLE `locations` (
  `id` int NOT NULL AUTO_INCREMENT,
  `title` varchar(1000) NOT NULL,
  PRIMARY KEY (`id`)
) ENGINE=InnoDB AUTO_INCREMENT=10 DEFAULT CHARSET=utf8mb4 COLLATE=utf8mb4_0900_ai_ci;

--
-- Dumping data for table `locations`
--

INSERT INTO `locations` VALUES (1,'Store 201'),(2,'Store 202'),(3,'Store 203'),(4,'Store 301'),(5,'Store 302'),(6,'Store 303'),(7,'Store 401'),(8,'Store 402'),(9,'Store 403');

--
-- Table structure for table `questions`
--

CREATE TABLE `questions` (
  `id` int NOT NULL AUTO_INCREMENT,
  `handle` varchar(1000) NOT NULL,
  `question_text` varchar(1000) DEFAULT NULL,
  `answer` int NOT NULL,
  `response_text` varchar(1000) DEFAULT NULL,
  `result_text` varchar(1000) DEFAULT NULL,
  `order_by` int NOT NULL,
  `enabled` int DEFAULT '0',
  `question` varchar(1000) DEFAULT NULL,
  `development_need` varchar(1000) DEFAULT NULL,
  PRIMARY KEY (`id`)
) ENGINE=InnoDB AUTO_INCREMENT=48 DEFAULT CHARSET=utf8mb4 COLLATE=utf8mb4_0900_ai_ci;

--
-- Dumping data for table `questions`
--

INSERT INTO `questions` VALUES (1,'Salvador Dalí','<p>question text</p>',3,'<p>RESPONSE TEXT</p>','<p>RESULT TEXT</p>',0,1,'What style of painter was Salvador Dalí?','Art'),(2,'Salamanders','<p>Salamanders are cool.</p>',1,'<p>Correct answer is D.</p>','Learn more about salamanders.',0,1,'A salamander can be classified as which of these?','Wildlife'),(3,'Moons of Jupiter','<p>What moon is this?</p>',4,'<p>Correct answer is B.</p>','<p>Jupiter is cool.</p>',0,1,'Which moon is Jupiter\'s largest?','Astrology'),(4,'William Shakespear',NULL,4,NULL,NULL,0,1,'Which of these characters dies in Hamlet?','Literature'),(5,'Earth Water',NULL,2,NULL,NULL,0,1,'What does the O in H<sup>2</sup>O stand for?','Meteorology '),(9,'Components and Rules for SDSs and Access to Them',NULL,4,NULL,NULL,0,1,'Which of the following are sections of a Safety Data Sheet?',''),(10,'Components and Rules for SDSs and Access to Them',NULL,2,NULL,NULL,0,1,'Where can you find SDSs for the chemicals used in your workplace?',''),(11,'GHS Label Requirements',NULL,1,NULL,NULL,0,1,'According to the GHS Label Requirements, what information must be included on the label? Choose the best response.',''),(12,'Health Hazard Pictograms',NULL,3,NULL,NULL,0,1,'Select the pictogram that indicates a chemical is a health hazard:',''),(13,'Flammable Hazard Pictogram',NULL,3,NULL,NULL,0,1,'Select the flammable pictogram from the options below:',''),(14,'Hazardous Label GHS Standards',NULL,3,NULL,NULL,0,1,'What about this example label is incorrect?',''),(15,'Recognize Chemical Hazards',NULL,2,NULL,NULL,0,1,'How can you best determine if a chemical in your workplace is hazardous?',''),(16,'Recognize Chemical Hazards',NULL,4,NULL,NULL,0,1,'Where can you find information on the health or physical risks of a chemical in your workplace?',''),(17,'Cleaning, Sanitation, and Disinfecting',NULL,3,NULL,NULL,0,1,'You have been given the task of cleaning an enclosure. What should you NOT do:',''),(18,'Routes of Entry from Hazardous Materials',NULL,3,NULL,NULL,0,1,'Which of the following situations pose an exposure risk?',''),(19,'Exposure to Harmful Chemicals',NULL,2,NULL,NULL,0,1,'Which of the following is NOT a sign that you have been exposed to a hazardous chemical?',''),(20,'Chemical Exposure Avoidance',NULL,4,NULL,NULL,0,1,'What actions can someone take to avoid being exposed to chemicals?',''),(21,'Chemical Exposure Procedures',NULL,2,NULL,NULL,0,1,'If you are exposed to a chemical, do you need to tell your supervisor?',''),(22,'Safe Handling and First Aid',NULL,3,NULL,NULL,0,1,'What is the first thing you should do?',''),(23,'Proper Chemical Clean Up',NULL,2,NULL,NULL,0,1,'What step in the process did she forget to take?',''),(24,'Personal Protective Equipment (PPE)',NULL,3,NULL,NULL,0,1,'If you are spraying down a dirty enclosure with a hose, what combination of PPE should you wear?',''),(25,'First Aid and PPE',NULL,4,NULL,NULL,0,1,'Employees who perform First Aid or CPR can minimize their exposure by wearing:',''),(26,'Hygiene - Wash Hands',NULL,3,NULL,NULL,0,1,'When washing hands after completing a cleaning task, what should you NOT do:',''),(27,'Prevent Food Contamination',NULL,4,NULL,NULL,0,1,'Is it Ok to store the medication in the refrigerator where staff food is kept, even if it\'s temporary?',''),(28,'GHS Label Requirements',NULL,2,NULL,NULL,0,1,'Which situation does NOT require you to create a label?',''),(29,'Food Borne Illness',NULL,4,NULL,NULL,0,1,NULL,NULL),(30,'Cross Contamination',NULL,3,NULL,NULL,0,1,NULL,NULL),(31,'Types of Contamination',NULL,1,NULL,NULL,0,1,NULL,NULL),(32,'Identifying Common Risks',NULL,2,NULL,NULL,0,1,NULL,NULL),(33,'Handwashing Procedures',NULL,2,NULL,NULL,0,1,NULL,NULL),(34,'Osteopathic Principles & Applications: Gastrointestinal System',NULL,4,NULL,NULL,0,1,NULL,NULL),(35,'Osteopathic Principles & Applications: Nervous System',NULL,2,NULL,NULL,0,1,NULL,NULL),(36,'Osteopathic Principles & Applications: Gross Anatomy - Nervous System',NULL,4,NULL,NULL,0,1,NULL,NULL),(37,'Osteopathic Principles & Applications: Nervous System',NULL,4,NULL,NULL,0,1,NULL,NULL),(38,'Osteopathic Principles & Applications: Respiration',NULL,1,NULL,NULL,0,1,NULL,NULL),(39,'Osteopathic Principles & Applications: Respiration',NULL,3,NULL,NULL,0,1,NULL,NULL),(47,'asdfsgfgdg',NULL,1,NULL,NULL,0,0,'QE?','');

--
-- Table structure for table `questions_activities`
--

CREATE TABLE `questions_activities` (
  `id` int NOT NULL AUTO_INCREMENT,
  `question_id` int NOT NULL,
  `title` varchar(1000) NOT NULL,
  `url` varchar(1000) DEFAULT NULL,
  PRIMARY KEY (`id`)
) ENGINE=InnoDB AUTO_INCREMENT=7 DEFAULT CHARSET=utf8mb4 COLLATE=utf8mb4_0900_ai_ci;

--
-- Dumping data for table `questions_activities`
--

INSERT INTO `questions_activities` VALUES (2,47,'hghgd','https://en.wikipedia.org/wiki/Salamander'),(3,47,'learning activity','https://en.wikipedia.org/wiki/Salamander'),(6,1,'Learning Activity','https://www.youtube.com/watch?v=dQw4w9WgXcQ');

--
-- Table structure for table `questions_answers`
--

CREATE TABLE `questions_answers` (
  `id` int NOT NULL AUTO_INCREMENT,
  `question_id` int NOT NULL,
  `answer_text` text,
  PRIMARY KEY (`id`)
) ENGINE=InnoDB AUTO_INCREMENT=289 DEFAULT CHARSET=utf8mb4 COLLATE=utf8mb4_0900_ai_ci;

--
-- Dumping data for table `questions_answers`
--

INSERT INTO `questions_answers` VALUES (97,9,'They are on the containers of the products.'),(98,9,'They are in in a designated Safety Data Sheet Notebook on site.'),(99,9,'They are in a designated SDS file folder on the website.'),(100,9,'All the above.'),(105,2,'Amphibian'),(106,2,'Insect'),(107,2,'Mammal'),(108,2,'Reptile'),(109,3,'<p style=\"font-family: system-ui, -apple-system, \"Segoe UI\", Roboto, \"Helvetica Neue\", Arial, \"Noto Sans\", \"Liberation Sans\", sans-serif, \"Apple Color Emoji\", \"Segoe UI Emoji\", \"Segoe UI Symbol\", \"Noto Color Emoji\";\">IO</p><p style=\"font-family: system-ui, -apple-system, \"Segoe UI\", Roboto, \"Helvetica Neue\", Arial, \"Noto Sans\", \"Liberation Sans\", sans-serif, \"Apple Color Emoji\", \"Segoe UI Emoji\", \"Segoe UI Symbol\", \"Noto Color Emoji\";\"><img alt=\"IO\" data-entity-type=\"file\" data-entity-uuid=\"23bb2cb5-0152-45cd-90d2-ccd409aa5919\" src=\"https://ibpsa.readiness-survey.com/sites/default/files/inline-images/io.png\"></p>'),(110,3,'<p style=\"font-family: system-ui, -apple-system, \"Segoe UI\", Roboto, \"Helvetica Neue\", Arial, \"Noto Sans\", \"Liberation Sans\", sans-serif, \"Apple Color Emoji\", \"Segoe UI Emoji\", \"Segoe UI Symbol\", \"Noto Color Emoji\";\">Callisto</p><p style=\"font-family: system-ui, -apple-system, \"Segoe UI\", Roboto, \"Helvetica Neue\", Arial, \"Noto Sans\", \"Liberation Sans\", sans-serif, \"Apple Color Emoji\", \"Segoe UI Emoji\", \"Segoe UI Symbol\", \"Noto Color Emoji\";\"><img alt=\"callisto\" data-entity-type=\"file\" data-entity-uuid=\"daf98f7a-8e59-4474-a43a-fcba648ddac2\" src=\"https://ibpsa.readiness-survey.com/sites/default/files/inline-images/callisto.jpg\"></p>'),(111,3,'<p style=\"font-family: system-ui, -apple-system, \"Segoe UI\", Roboto, \"Helvetica Neue\", Arial, \"Noto Sans\", \"Liberation Sans\", sans-serif, \"Apple Color Emoji\", \"Segoe UI Emoji\", \"Segoe UI Symbol\", \"Noto Color Emoji\";\">Europa</p><p style=\"font-family: system-ui, -apple-system, \"Segoe UI\", Roboto, \"Helvetica Neue\", Arial, \"Noto Sans\", \"Liberation Sans\", sans-serif, \"Apple Color Emoji\", \"Segoe UI Emoji\", \"Segoe UI Symbol\", \"Noto Color Emoji\";\"><img alt=\"Europa\" data-entity-type=\"file\" data-entity-uuid=\"9fc1be57-0a38-4ed2-815d-ac7d3995551d\" src=\"https://ibpsa.readiness-survey.com/sites/default/files/inline-images/europa.png\"></p>'),(112,3,'<p style=\"font-family: system-ui, -apple-system, \"Segoe UI\", Roboto, \"Helvetica Neue\", Arial, \"Noto Sans\", \"Liberation Sans\", sans-serif, \"Apple Color Emoji\", \"Segoe UI Emoji\", \"Segoe UI Symbol\", \"Noto Color Emoji\";\">Ganymede</p><p style=\"font-family: system-ui, -apple-system, \"Segoe UI\", Roboto, \"Helvetica Neue\", Arial, \"Noto Sans\", \"Liberation Sans\", sans-serif, \"Apple Color Emoji\", \"Segoe UI Emoji\", \"Segoe UI Symbol\", \"Noto Color Emoji\";\"><img alt=\"ganymede\" data-entity-type=\"file\" data-entity-uuid=\"b84642d0-a4b5-4421-ab8e-1218c4359db9\" src=\"https://ibpsa.readiness-survey.com/sites/default/files/inline-images/ganymede.jpg\" style=\"width: 183px;\"></p>'),(113,4,'Hamlet'),(114,4,'Polonius'),(115,4,'Ophelia'),(116,4,'All of these'),(117,5,'Osmium'),(118,5,'Oxygen'),(119,5,'Ozone'),(120,5,'Octane'),(141,10,'<p>After using the bleach, you notice that the label has started to peel off the container.<br></p>'),(142,10,'<p>You dilute some bleach in a spray bottle that you will empty and wash out after you use it.<br></p>'),(143,10,'<p>You have a 2-gallon jug of ammonia, and you divide it up into smaller containers—one for each area of the facility.<br></p>'),(144,10,'<p>A bottle of cleaning product already has warnings and hazardous information on the manufacturers label, but parts of the information are unreadable.<br></p>'),(145,11,'<ul><li>Name of the product</li><li>the word “Danger” or “Warning” to signal the level of hazard&nbsp;</li><li>information about the chemical’s hazards</li><li>pictograms showing the hazards&nbsp;</li><li>safe handling instructions and how to avoid accidents&nbsp;</li><li>contact information of the manufacturer</li></ul>'),(146,11,'<ul><li>Name of the product</li><li>the word “Danger” or “Warning” to signal the level of hazard&nbsp;</li><li>pictograms showing the hazards&nbsp;</li><li>information about the chemical’s hazards</li><li>the phone number for Poison Control</li></ul>'),(147,11,'<ul><li>Name of the product</li><li>ingredients</li><li>information about the chemical’s hazards</li><li>safe handling instructions and how to avoid accidents</li><li>contact information of the manufacturer</li></ul>'),(148,11,'<ul><li>Name of the product</li><li>information about the chemical’s hazards</li><li>safe handling instructions and how to avoid accidents</li><li>the phone number for Poison Control</li></ul>'),(153,12,'<p><img class=\"awnswer_image\" alt=\"one\" data-entity-type=\"file\" data-entity-uuid=\"b8fc2fd7-d517-41b3-9492-34276c1995c5\" src=\"https://ibpsa.readiness-survey.com/sites/default/files/inline-images/one.png\" style=\"max-width: 120px; font-family: system-ui, -apple-system, \"Segoe UI\", Roboto, \"Helvetica Neue\", Arial, \"Noto Sans\", \"Liberation Sans\", sans-serif, \"Apple Color Emoji\", \"Segoe UI Emoji\", \"Segoe UI Symbol\", \"Noto Color Emoji\";\"><br></p>'),(154,12,'<p><img class=\"awnswer_image\" alt=\"two\" data-entity-type=\"file\" data-entity-uuid=\"e7f12e9e-063d-4792-9e87-321f314e604b\" src=\"https://ibpsa.readiness-survey.com/sites/default/files/inline-images/two.png\" style=\"max-width: 120px; font-family: system-ui, -apple-system, \"Segoe UI\", Roboto, \"Helvetica Neue\", Arial, \"Noto Sans\", \"Liberation Sans\", sans-serif, \"Apple Color Emoji\", \"Segoe UI Emoji\", \"Segoe UI Symbol\", \"Noto Color Emoji\";\"><br></p>'),(155,12,'<p><img class=\"awnswer_image\" alt=\"three\" data-entity-type=\"file\" data-entity-uuid=\"c5cfffe5-fb4a-425a-b1cb-01558074014f\" src=\"https://ibpsa.readiness-survey.com/sites/default/files/inline-images/three.png\" style=\"max-width: 120px; font-family: system-ui, -apple-system, \"Segoe UI\", Roboto, \"Helvetica Neue\", Arial, \"Noto Sans\", \"Liberation Sans\", sans-serif, \"Apple Color Emoji\", \"Segoe UI Emoji\", \"Segoe UI Symbol\", \"Noto Color Emoji\";\"><br></p>'),(156,12,'<img class=\"awnswer_image\" alt=\"four\" data-entity-type=\"file\" data-entity-uuid=\"ae21eaee-a20b-4b7c-8cf5-51ef46ea77e5\" src=\"https://ibpsa.readiness-survey.com/sites/default/files/inline-images/four.png\" style=\"max-width: 120px; font-family: system-ui, -apple-system, \"Segoe UI\", Roboto, \"Helvetica Neue\", Arial, \"Noto Sans\", \"Liberation Sans\", sans-serif, \"Apple Color Emoji\", \"Segoe UI Emoji\", \"Segoe UI Symbol\", \"Noto Color Emoji\";\">'),(157,13,'<p><img class=\"awnswer_image\" alt=\"one\" data-entity-type=\"file\" data-entity-uuid=\"ee17c8df-cead-4b3b-9d88-a549b094eb12\" src=\"https://ibpsa.readiness-survey.com/sites/default/files/inline-images/two_0.png\" style=\"max-width: 120px; font-family: system-ui, -apple-system, \"Segoe UI\", Roboto, \"Helvetica Neue\", Arial, \"Noto Sans\", \"Liberation Sans\", sans-serif, \"Apple Color Emoji\", \"Segoe UI Emoji\", \"Segoe UI Symbol\", \"Noto Color Emoji\";\"><br></p>'),(158,13,'<p><img class=\"awnswer_image\" alt=\"two\" data-entity-type=\"file\" data-entity-uuid=\"dd390556-3984-48d7-83d6-d47b15cefa73\" src=\"https://ibpsa.readiness-survey.com/sites/default/files/inline-images/five.png\" style=\"max-width: 120px; font-family: system-ui, -apple-system, \"Segoe UI\", Roboto, \"Helvetica Neue\", Arial, \"Noto Sans\", \"Liberation Sans\", sans-serif, \"Apple Color Emoji\", \"Segoe UI Emoji\", \"Segoe UI Symbol\", \"Noto Color Emoji\";\"><br></p>'),(159,13,'<p><img class=\"awnswer_image\" alt=\"three\" data-entity-type=\"file\" data-entity-uuid=\"b225cf9f-8d5a-422c-9ee3-cceb258f9876\" src=\"https://ibpsa.readiness-survey.com/sites/default/files/inline-images/six.png\" style=\"max-width: 120px; font-family: system-ui, -apple-system, \"Segoe UI\", Roboto, \"Helvetica Neue\", Arial, \"Noto Sans\", \"Liberation Sans\", sans-serif, \"Apple Color Emoji\", \"Segoe UI Emoji\", \"Segoe UI Symbol\", \"Noto Color Emoji\";\"><br></p>'),(160,13,'<p><img class=\"awnswer_image\" alt=\"four\" data-entity-type=\"file\" data-entity-uuid=\"cdb847a7-13e9-486d-b108-e05efcfa8945\" src=\"https://ibpsa.readiness-survey.com/sites/default/files/inline-images/four_0.png\" style=\"max-width: 120px; font-family: system-ui, -apple-system, \"Segoe UI\", Roboto, \"Helvetica Neue\", Arial, \"Noto Sans\", \"Liberation Sans\", sans-serif, \"Apple Color Emoji\", \"Segoe UI Emoji\", \"Segoe UI Symbol\", \"Noto Color Emoji\";\"><br></p>'),(161,14,'<p><span style=\"font-family: system-ui, -apple-system, \"Segoe UI\", Roboto, \"Helvetica Neue\", Arial, \"Noto Sans\", \"Liberation Sans\", sans-serif, \"Apple Color Emoji\", \"Segoe UI Emoji\", \"Segoe UI Symbol\", \"Noto Color Emoji\";\">It uses the wrong pictogram.</span><br></p>'),(162,14,'<p><span style=\"font-family: system-ui, -apple-system, \"Segoe UI\", Roboto, \"Helvetica Neue\", Arial, \"Noto Sans\", \"Liberation Sans\", sans-serif, \"Apple Color Emoji\", \"Segoe UI Emoji\", \"Segoe UI Symbol\", \"Noto Color Emoji\";\">The prevention information is incomplete.</span><br></p>'),(163,14,'<p><span style=\"font-family: system-ui, -apple-system, \"Segoe UI\", Roboto, \"Helvetica Neue\", Arial, \"Noto Sans\", \"Liberation Sans\", sans-serif, \"Apple Color Emoji\", \"Segoe UI Emoji\", \"Segoe UI Symbol\", \"Noto Color Emoji\";\">First aid information is missing.</span><br></p>'),(164,14,'<p><span style=\"font-family: system-ui, -apple-system, \"Segoe UI\", Roboto, \"Helvetica Neue\", Arial, \"Noto Sans\", \"Liberation Sans\", sans-serif, \"Apple Color Emoji\", \"Segoe UI Emoji\", \"Segoe UI Symbol\", \"Noto Color Emoji\";\">Hazard Statements are not detailed enough.</span><br></p>'),(165,1,'Romanticist'),(166,1,'Renaissance'),(167,1,'Surrealist'),(168,1,'Modernist'),(169,15,'<p>A.<span style=\"white-space:pre\">	</span>Smell the chemical.<br></p>'),(170,15,'<p>B.<span style=\"white-space:pre\">	</span>Look at the product label or SDS.<br></p>'),(171,15,'<p>C.<span style=\"white-space:pre\">	</span>Look up the name of the chemical online.<br></p>'),(172,15,'<p>D.<span style=\"white-space:pre\">	</span>Assume all chemicals are hazardous unless they have a green label.<br></p>'),(173,16,'<p>By looking the pictograms on the label.</p>'),(174,16,'<p>By reading the Safety Data Sheet for the chemical.</p>'),(175,16,'<p>By reading hte hazard statements on the label.</p>'),(176,16,'<p>All of the above.</p>'),(177,17,'<p>Read the labels of each cleaning chemical before using them.<br></p>'),(178,17,'<p>Spray down the enclosure with a cleaner, then sanitize and disinfect it.<br></p>'),(179,17,'<p>Mix the cleaner, sanitizer, and disinfectant together in one bottle to clean it thoroughly.<br></p>'),(180,17,'<p>Put on gloves and a mask before starting the process.<br></p>'),(181,18,''),(182,18,''),(183,18,''),(184,18,''),(185,19,''),(186,19,''),(187,19,''),(188,19,''),(189,20,''),(190,20,''),(191,20,''),(192,20,''),(193,21,''),(194,21,''),(195,21,''),(196,21,''),(197,22,''),(198,22,''),(199,22,''),(200,22,''),(201,23,''),(202,23,''),(203,23,''),(204,23,''),(205,24,''),(206,24,''),(207,24,''),(208,24,''),(209,25,''),(210,25,''),(211,25,''),(212,25,''),(213,26,''),(214,26,''),(215,26,''),(216,26,''),(217,27,''),(218,27,''),(219,27,''),(220,27,''),(221,28,'After using the bleach, you notice that the label has started to peel off the container.'),(222,28,'<p>You dilute some bleach in a spray bottle that you will empty and wash out after you use it.<br></p>'),(223,28,'You have a 1-gallon jug of bleach, and you divide it up into smaller containers—one for each area of the facility.'),(224,28,'<p>A bottle of cleaning product already has warnings and hazardous information on the manufacturer\'s label, but parts of the information are unreadable.<br></p>'),(225,29,'<p>The U.S. Centers for Disease Control and Prevention estimates that each year roughly on out of six Americans (that\'s 48 million people) get sick, 128,000 are hospitalized, and 3,000 die from foodborne diseases.<br></p>'),(226,29,'<p>Reducing food borne illness by just 1% would keep about 500,000 Americans from getting sick each year. Reducing food borne illness by 10% would keep about 5 million from getting sick.<br></p>'),(227,29,'<p>The same pathogens that cause food poisoning can cause arthritis, kidney failure, meningitis and Guillain-Barre syndrome. The Food and Drug Administration estimates that about two to 3% of all food poisoning causes lead to secondary long-term illness such as these.<br></p>'),(228,29,'<p>All the above<br></p>'),(229,30,''),(230,30,''),(231,30,''),(232,30,''),(233,31,''),(234,31,''),(235,31,''),(236,31,''),(237,32,''),(238,32,''),(239,32,''),(240,32,''),(241,33,''),(242,33,''),(243,33,''),(244,33,''),(245,34,'<p class=\"MsoListParagraph\" style=\"\">T1-T4 on the left side&nbsp;<font color=\"#313131\" face=\"Cambria, serif\"><o:p></o:p></font></p>'),(246,34,'<p class=\"MsoListParagraph\" style=\"\">T1-T4 on the right side<font color=\"#313131\" face=\"Cambria, serif\"><o:p></o:p></font></p>'),(247,34,'<p class=\"MsoListParagraph\" style=\"\">T5-T9 on the left side<font color=\"#313131\" face=\"Cambria, serif\"><o:p></o:p></font></p>'),(248,34,'<p class=\"MsoListParagraph\" style=\"\">T5-T9 on the right side<font color=\"#313131\" face=\"Cambria, serif\"><o:p></o:p></font></p>'),(249,35,'<p>1 inch lateral and 2 inches superior to the umbilicus&nbsp;<br></p>'),(250,35,'<p><span style=\"text-indent: -24px;\">Around the umbilicus&nbsp;</span><br></p>'),(251,35,'<p>At the anterior aspect of the iliotibial band<br></p>'),(252,35,'<span style=\"text-indent: -24px;\">At the tip of the right 12th rib</span><br>'),(253,36,''),(254,36,''),(255,36,''),(256,36,''),(257,37,''),(258,37,''),(259,37,''),(260,37,''),(261,38,'<p class=\"MsoListParagraph\" style=\"margin-bottom: 6pt; line-height: normal;\"><span class=\"None\">Normalized autonomic activity&nbsp;</span><span style=\"font-family:&quot;Cambria&quot;,serif;color:#333333\"><o:p></o:p></span></p>'),(262,38,'<p class=\"MsoListParagraph\" style=\"margin-bottom: 6pt; line-height: normal;\"><span style=\"font-family:&quot;Cambria&quot;,serif;mso-fareast-font-family:Cambria;mso-hansi-font-family:\r\n&quot;Arial Unicode MS&quot;;mso-bidi-font-family:Cambria;color:#333333\"><span style=\"font-variant-numeric: normal; font-variant-east-asian: normal; font-variant-alternates: normal; font-kerning: auto; font-optical-sizing: auto; font-feature-settings: normal; font-variation-settings: normal; font-stretch: normal; font-size: 7pt; line-height: normal; font-family: &quot;Times New Roman&quot;;\">&nbsp;</span></span><!--[endif]--><span class=\"None\">Bronchoconstriction</span><span style=\"font-family:&quot;Cambria&quot;,serif;\r\ncolor:#333333\"><o:p></o:p></span></p>'),(263,38,'<p class=\"MsoListParagraph\" style=\"margin-bottom: 6pt; line-height: normal;\"><span class=\"None\">Decreased clearance of tissue congestion&nbsp;</span><span style=\"font-family:&quot;Cambria&quot;,serif;color:#333333\"><o:p></o:p></span></p>'),(264,38,'<p class=\"MsoListParagraph\" style=\"margin-bottom: 6pt; line-height: normal;\"><span class=\"None\">Increased atelectasis&nbsp;</span><span style=\"font-family:\r\n&quot;Cambria&quot;,serif;color:#333333\"><o:p></o:p></span></p>'),(265,39,'<p class=\"MsoListParagraph\" style=\"margin-bottom: 6pt; line-height: normal;\"><br></p>'),(266,39,'<p><br></p>'),(267,39,'<p><br></p>'),(268,39,'<p class=\"MsoListParagraph\" style=\"margin-bottom: 6pt; line-height: normal;\"><br></p>'),(273,43,'<p>a1</p>'),(274,43,'<p>a2</p>'),(275,43,'<p>a3</p>'),(276,43,'<p>a4</p>'),(277,45,NULL),(278,277,NULL),(279,278,NULL),(280,279,NULL),(281,46,NULL),(282,46,NULL),(283,46,NULL),(284,46,NULL),(285,47,NULL),(286,47,NULL),(287,47,NULL),(288,47,NULL);

--
-- Table structure for table `questions_references`
--

CREATE TABLE `questions_references` (
  `id` int NOT NULL AUTO_INCREMENT,
  `question_id` int NOT NULL,
  `title` varchar(1000) NOT NULL,
  `url` varchar(1000) DEFAULT NULL,
  PRIMARY KEY (`id`)
) ENGINE=InnoDB AUTO_INCREMENT=63 DEFAULT CHARSET=utf8mb4 COLLATE=utf8mb4_0900_ai_ci;

--
-- Dumping data for table `questions_references`
--

INSERT INTO `questions_references` VALUES (1,43,'link1','url1'),(2,43,'link2','url2'),(3,44,'title1','url1'),(4,44,'title2','url2'),(29,2,'Salamanders','https://en.wikipedia.org/wiki/Salamander'),(30,3,'Moons of Jupiter','https://en.wikipedia.org/wiki/Ganymede_(moon)'),(31,4,'Video SparkNotes: Shakespeare\'s Hamlet Summary','https://www.youtube.com/watch?v=t0CqUTmwKiM'),(32,4,'William Shakespeare','https://en.wikipedia.org/wiki/William_Shakespeare'),(33,5,'Water','https://en.wikipedia.org/wiki/Water'),(37,47,'asdf','https://en.wikipedia.org/wiki/Salamander'),(38,47,'ref','https://en.wikipedia.org/wiki/Ganymede_(moon)'),(41,1,'Salvador Dalí','https://en.wikipedia.org/wiki/Salvador_Dal%C3%AD'),(43,9,'A Guide for How to Read Safety Data Sheets','https://ucdavis.app.box.com/s/5o9fjwsawceadl63w89kvqbedthzdzgj'),(44,10,'More information about Safety Data Sheets','https://www.osha.gov/sites/default/files/publications/OSHA3493QuickCardSafetyDataSheet.pdf'),(45,11,'Label Reference','https://www.osha.gov/sites/default/files/publications/OSHA3492QuickCardLabel.pdf'),(46,12,'Review this resource to learn all the pictograms.','https://www.osha.gov/sites/default/files/publications/OSHA3491QuickCardPictogram.pdf'),(47,13,'More information on pictograms and labels','https://www.osha.gov/sites/default/files/publications/OSHA3636.pdf'),(48,14,'Watch this video for how to create a label','https://youtu.be/RvQNf1Y7E84'),(49,15,'Learn More about the Level of Hazard Container Labels Can Indicate. ','https://www.youtube.com/watch?v=v7NVqru5ha4'),(50,16,'Learn how OSHA defines Health and Physical hazards.','https://www.osha.gov/hazcom/ghd053107#process'),(51,17,'Read more here about cleaning chemicals.','https://www.osha.gov/sites/default/files/publications/OSHA3512.pdf'),(52,18,'Read more about chemical hazards and their effects on your body.','https://www.osha.gov/sites/default/files/2018-12/fy11_sh-22240-11_ChemicalHazards.pdf'),(53,19,'Learn more about symptoms of chemical exposure here.','https://www.osha.gov/sites/default/files/2018-12/fy11_sh-22240-11_ChemicalHazards.pdf'),(54,20,'Read more about the factors affecting your risk.','https://www.osha.gov/sites/default/files/2018-12/fy11_sh-22240-11_ChemicalHazards.pdf'),(55,21,'Read more about handling harmful chemicals here.','https://www.osha.gov/sites/default/files/2018-12/fy11_sh-22240-11_JanitorialSafetyChemicals.pdf'),(56,22,'Read about first aid if a chemical slashes in your eye from the Mayo Clinic','https://www.mayoclinic.org/first-aid/first-aid-eye-emergency/basics/art-20056647'),(57,23,'Review this OSHA-provided guide for employees who use cleaning chemicals','https://www.osha.gov/sites/default/files/publications/OSHA3512.pdf'),(58,24,'Read more about PPE here.','https://www.osha.gov/personal-protective-equipment'),(59,25,'Read more about best practices of a workplace first aid program.','https://www.osha.gov/sites/default/files/publications/OSHA3317first-aid.pdf'),(60,26,'Learn more about hand hygiene on the CDC website','https://www.cdc.gov/hygiene/personal-hygiene/hands.html'),(61,27,'Review this poster for a quick guide on how to protect yourself from chemical or infectious material exposure.','https://www.statefoodsafety.com/Resources/Resources/use-chemicals-safely-poster'),(62,28,'Learn how to make sure labels meet requirements.','https://blog.hclco.com/2019/07/12/seven-signs-ghs-labels-not-compliant/');

--
-- Table structure for table `regions`
--

CREATE TABLE `regions` (
  `id` int NOT NULL AUTO_INCREMENT,
  `title` varchar(1000) NOT NULL,
  PRIMARY KEY (`id`)
) ENGINE=InnoDB AUTO_INCREMENT=4 DEFAULT CHARSET=utf8mb4 COLLATE=utf8mb4_0900_ai_ci;

--
-- Dumping data for table `regions`
--

INSERT INTO `regions` VALUES (1,'North'),(2,'Central'),(3,'South');

--
-- Table structure for table `regions_locations`
--

CREATE TABLE `regions_locations` (
  `id` int NOT NULL AUTO_INCREMENT,
  `region_id` int NOT NULL,
  `location_id` int NOT NULL,
  PRIMARY KEY (`id`)
) ENGINE=InnoDB AUTO_INCREMENT=10 DEFAULT CHARSET=utf8mb4 COLLATE=utf8mb4_0900_ai_ci;

--
-- Dumping data for table `regions_locations`
--

INSERT INTO `regions_locations` VALUES (1,1,1),(2,1,2),(3,1,3),(4,2,4),(5,2,5),(6,2,6),(7,3,7),(8,3,8),(9,3,9);

--
-- Table structure for table `responses`
--

CREATE TABLE `responses` (
  `id` int NOT NULL AUTO_INCREMENT,
  `survey_id` int NOT NULL,
  `complete` int DEFAULT '0',
  `user_id` int NOT NULL,
  PRIMARY KEY (`id`)
) ENGINE=InnoDB AUTO_INCREMENT=83 DEFAULT CHARSET=utf8mb4 COLLATE=utf8mb4_0900_ai_ci;

--
-- Dumping data for table `responses`
--

INSERT INTO `responses` VALUES (1,1,0,8),(2,1,1,5),(3,2,1,5),(4,1,1,1),(5,1,1,1),(6,3,1,1),(7,1,1,5),(8,3,1,5),(9,4,1,5),(10,4,1,5),(11,4,1,5),(12,4,1,5),(13,4,1,5),(14,4,1,5),(15,4,1,5),(16,4,1,5),(17,4,1,5),(18,4,1,5),(19,4,1,5),(20,4,1,5),(21,4,1,5),(22,4,1,5),(23,4,1,5),(24,4,1,5),(25,4,1,5),(26,4,1,5),(27,4,1,5),(28,4,1,5),(29,4,1,5),(30,4,1,5),(31,4,1,5),(32,4,1,5),(33,1,1,5),(34,4,1,5),(35,4,1,5),(36,1,1,5),(37,1,1,5),(38,1,1,5),(39,4,1,5),(40,1,1,5),(41,1,1,5),(42,4,1,5),(43,1,1,5),(44,3,1,5),(45,1,1,5),(46,3,1,5),(47,1,1,5),(48,4,1,5),(49,1,1,1),(50,1,1,1),(51,1,1,1),(52,1,1,1),(53,1,1,1),(54,1,1,1),(55,1,1,1),(56,1,1,5),(57,1,1,5),(58,1,1,1),(59,3,0,1),(60,1,1,1),(61,1,1,1),(62,1,1,1),(63,1,1,1),(64,1,0,1),(65,3,0,5),(66,1,1,5),(67,4,1,5),(68,4,0,5),(69,1,1,5),(70,1,1,5),(71,1,1,5),(72,1,1,5),(73,1,1,5),(74,2,1,1),(75,2,1,5),(76,1,1,5),(77,1,1,5),(78,1,0,25),(79,1,1,5),(80,1,1,5),(81,1,1,5),(82,1,1,5);

--
-- Table structure for table `responses_questions`
--

CREATE TABLE `responses_questions` (
  `id` int NOT NULL AUTO_INCREMENT,
  `response_id` int NOT NULL,
  `question_id` int NOT NULL,
  `confidence` int NOT NULL,
  `answer_id` int NOT NULL,
  `created_at` timestamp NOT NULL DEFAULT CURRENT_TIMESTAMP,
  `duration` int DEFAULT '0',
  PRIMARY KEY (`id`)
) ENGINE=InnoDB AUTO_INCREMENT=1629 DEFAULT CHARSET=utf8mb4 COLLATE=utf8mb4_0900_ai_ci;

--
-- Dumping data for table `responses_questions`
--

INSERT INTO `responses_questions` VALUES (1,1,1,0,1,'2023-03-12 00:49:23',26),(2,1,1,100,2,'2023-03-12 00:49:23',26),(3,1,1,0,3,'2023-03-12 00:49:23',26),(4,1,1,0,4,'2023-03-12 00:49:23',26),(5,2,1,24,1,'2023-03-13 14:44:00',501),(6,2,1,25,2,'2023-03-13 14:44:00',501),(7,2,1,24,3,'2023-03-13 14:44:00',501),(8,2,1,24,4,'2023-03-13 14:44:00',501),(9,2,2,25,1,'2023-03-13 14:45:21',5),(10,2,2,25,2,'2023-03-13 14:45:21',5),(11,2,2,25,3,'2023-03-13 14:45:21',5),(12,2,2,25,4,'2023-03-13 14:45:21',5),(13,2,5,0,1,'2023-03-13 14:45:55',33),(14,2,5,100,2,'2023-03-13 14:45:55',33),(15,2,5,0,3,'2023-03-13 14:45:55',33),(16,2,5,0,4,'2023-03-13 14:45:55',33),(17,2,4,25,1,'2023-03-13 14:46:33',37),(18,2,4,25,2,'2023-03-13 14:46:33',37),(19,2,4,25,3,'2023-03-13 14:46:33',37),(20,2,4,25,4,'2023-03-13 14:46:33',37),(21,2,3,0,1,'2023-03-13 14:48:29',106),(22,2,3,0,2,'2023-03-13 14:48:29',106),(23,2,3,0,3,'2023-03-13 14:48:29',106),(24,2,3,100,4,'2023-03-13 14:48:29',106),(25,3,9,0,1,'2023-03-13 14:51:25',61),(26,3,9,0,2,'2023-03-13 14:51:25',61),(27,3,9,0,3,'2023-03-13 14:51:25',61),(28,3,9,100,4,'2023-03-13 14:51:25',61),(29,3,10,25,1,'2023-03-13 14:51:58',32),(30,3,10,25,2,'2023-03-13 14:51:58',32),(31,3,10,25,3,'2023-03-13 14:51:58',32),(32,3,10,25,4,'2023-03-13 14:51:58',32),(33,3,11,25,1,'2023-03-13 14:53:28',89),(34,3,11,25,2,'2023-03-13 14:53:28',89),(35,3,11,25,3,'2023-03-13 14:53:28',89),(36,3,11,25,4,'2023-03-13 14:53:28',89),(37,3,12,0,1,'2023-03-13 14:54:45',76),(38,3,12,0,2,'2023-03-13 14:54:45',76),(39,3,12,18,3,'2023-03-13 14:54:45',76),(40,3,12,83,4,'2023-03-13 14:54:45',76),(41,3,13,25,1,'2023-03-13 14:55:06',21),(42,3,13,25,2,'2023-03-13 14:55:06',21),(43,3,13,25,3,'2023-03-13 14:55:06',21),(44,3,13,25,4,'2023-03-13 14:55:06',21),(45,4,1,25,1,'2023-03-14 19:41:51',4),(46,4,1,25,2,'2023-03-14 19:41:51',4),(47,4,1,25,3,'2023-03-14 19:41:51',4),(48,4,1,25,4,'2023-03-14 19:41:51',4),(49,4,2,25,1,'2023-03-14 19:45:16',3),(50,4,2,25,2,'2023-03-14 19:45:16',3),(51,4,2,25,3,'2023-03-14 19:45:16',3),(52,4,2,25,4,'2023-03-14 19:45:16',3),(53,4,5,25,1,'2023-03-14 19:47:12',1),(54,4,5,25,2,'2023-03-14 19:47:12',1),(55,4,5,25,3,'2023-03-14 19:47:12',1),(56,4,5,25,4,'2023-03-14 19:47:12',1),(57,4,4,25,1,'2023-03-14 19:47:15',2),(58,4,4,25,2,'2023-03-14 19:47:15',2),(59,4,4,25,3,'2023-03-14 19:47:15',2),(60,4,4,25,4,'2023-03-14 19:47:15',2),(61,4,3,25,1,'2023-03-14 19:47:18',2),(62,4,3,25,2,'2023-03-14 19:47:18',2),(63,4,3,25,3,'2023-03-14 19:47:18',2),(64,4,3,25,4,'2023-03-14 19:47:18',2),(65,6,29,25,1,'2023-03-17 16:09:13',4),(66,6,29,25,2,'2023-03-17 16:09:13',4),(67,6,29,25,3,'2023-03-17 16:09:13',4),(68,6,29,25,4,'2023-03-17 16:09:13',4),(69,6,30,25,1,'2023-03-17 16:09:17',3),(70,6,30,25,2,'2023-03-17 16:09:17',3),(71,6,30,25,3,'2023-03-17 16:09:17',3),(72,6,30,25,4,'2023-03-17 16:09:17',3),(73,6,31,25,1,'2023-03-17 16:09:26',8),(74,6,31,25,2,'2023-03-17 16:09:26',8),(75,6,31,25,3,'2023-03-17 16:09:26',8),(76,6,31,25,4,'2023-03-17 16:09:26',8),(77,6,32,25,1,'2023-03-17 16:09:31',4),(78,6,32,25,2,'2023-03-17 16:09:31',4),(79,6,32,25,3,'2023-03-17 16:09:31',4),(80,6,32,25,4,'2023-03-17 16:09:31',4),(81,6,33,25,1,'2023-03-17 16:09:35',3),(82,6,33,25,2,'2023-03-17 16:09:35',3),(83,6,33,25,3,'2023-03-17 16:09:35',3),(84,6,33,25,4,'2023-03-17 16:09:35',3),(85,9,34,25,1,'2023-04-03 22:55:13',6),(86,9,34,25,2,'2023-04-03 22:55:13',6),(87,9,34,25,3,'2023-04-03 22:55:13',6),(88,9,34,25,4,'2023-04-03 22:55:13',6),(89,10,34,25,1,'2023-04-03 22:56:43',2),(90,10,34,25,2,'2023-04-03 22:56:43',2),(91,10,34,25,3,'2023-04-03 22:56:43',2),(92,10,34,25,4,'2023-04-03 22:56:43',2),(93,11,34,25,1,'2023-04-04 16:36:48',7),(94,11,34,25,2,'2023-04-04 16:36:48',7),(95,11,34,25,3,'2023-04-04 16:36:48',7),(96,11,34,25,4,'2023-04-04 16:36:48',7),(97,12,34,25,1,'2023-04-04 17:56:11',4),(98,12,34,25,2,'2023-04-04 17:56:11',4),(99,12,34,25,3,'2023-04-04 17:56:11',4),(100,12,34,25,4,'2023-04-04 17:56:11',4),(101,12,35,16,1,'2023-04-04 17:56:39',27),(102,12,35,51,2,'2023-04-04 17:56:39',27),(103,12,35,16,3,'2023-04-04 17:56:39',27),(104,12,35,16,4,'2023-04-04 17:56:39',27),(105,13,34,25,1,'2023-04-04 19:08:16',7),(106,13,34,25,2,'2023-04-04 19:08:16',7),(107,13,34,25,3,'2023-04-04 19:08:16',7),(108,13,34,25,4,'2023-04-04 19:08:16',7),(109,13,35,25,1,'2023-04-04 19:15:49',4),(110,13,35,25,2,'2023-04-04 19:15:49',4),(111,13,35,25,3,'2023-04-04 19:15:49',4),(112,13,35,25,4,'2023-04-04 19:15:49',4),(113,14,34,25,1,'2023-04-04 19:17:26',35),(114,14,34,25,2,'2023-04-04 19:17:26',35),(115,14,34,25,3,'2023-04-04 19:17:26',35),(116,14,34,25,4,'2023-04-04 19:17:26',35),(117,14,35,25,1,'2023-04-04 19:29:44',4),(118,14,35,25,2,'2023-04-04 19:29:44',4),(119,14,35,25,3,'2023-04-04 19:29:44',4),(120,14,35,25,4,'2023-04-04 19:29:44',4),(121,15,34,25,1,'2023-04-04 20:25:56',1),(122,15,34,25,2,'2023-04-04 20:25:56',1),(123,15,34,25,3,'2023-04-04 20:25:56',1),(124,15,34,25,4,'2023-04-04 20:25:56',1),(125,15,35,25,1,'2023-04-04 20:26:01',3),(126,15,35,25,2,'2023-04-04 20:26:01',3),(127,15,35,25,3,'2023-04-04 20:26:01',3),(128,15,35,25,4,'2023-04-04 20:26:01',3),(129,15,36,25,1,'2023-04-04 20:26:21',20),(130,15,36,25,2,'2023-04-04 20:26:21',20),(131,15,36,25,3,'2023-04-04 20:26:21',20),(132,15,36,25,4,'2023-04-04 20:26:21',20),(133,16,34,25,1,'2023-04-05 04:27:28',3),(134,16,34,25,2,'2023-04-05 04:27:28',3),(135,16,34,25,3,'2023-04-05 04:27:28',3),(136,16,34,25,4,'2023-04-05 04:27:28',3),(137,16,35,25,1,'2023-04-05 04:27:34',5),(138,16,35,25,2,'2023-04-05 04:27:34',5),(139,16,35,25,3,'2023-04-05 04:27:34',5),(140,16,35,25,4,'2023-04-05 04:27:34',5),(141,16,36,25,1,'2023-04-05 04:33:57',5),(142,16,36,25,2,'2023-04-05 04:33:57',5),(143,16,36,25,3,'2023-04-05 04:33:57',5),(144,16,36,25,4,'2023-04-05 04:33:57',5),(145,17,34,25,1,'2023-04-05 04:34:28',3),(146,17,34,25,2,'2023-04-05 04:34:28',3),(147,17,34,25,3,'2023-04-05 04:34:28',3),(148,17,34,25,4,'2023-04-05 04:34:28',3),(149,17,35,25,1,'2023-04-05 04:34:33',4),(150,17,35,25,2,'2023-04-05 04:34:33',4),(151,17,35,25,3,'2023-04-05 04:34:33',4),(152,17,35,25,4,'2023-04-05 04:34:33',4),(153,17,36,25,1,'2023-04-05 04:34:38',3),(154,17,36,25,2,'2023-04-05 04:34:38',3),(155,17,36,25,3,'2023-04-05 04:34:38',3),(156,17,36,25,4,'2023-04-05 04:34:38',3),(157,18,34,25,1,'2023-04-05 05:28:54',4),(158,18,34,25,2,'2023-04-05 05:28:54',4),(159,18,34,25,3,'2023-04-05 05:28:54',4),(160,18,34,25,4,'2023-04-05 05:28:54',4),(161,18,35,25,1,'2023-04-05 05:29:01',6),(162,18,35,25,2,'2023-04-05 05:29:01',6),(163,18,35,25,3,'2023-04-05 05:29:01',6),(164,18,35,25,4,'2023-04-05 05:29:01',6),(165,18,36,25,1,'2023-04-05 05:29:06',4),(166,18,36,25,2,'2023-04-05 05:29:06',4),(167,18,36,25,3,'2023-04-05 05:29:06',4),(168,18,36,25,4,'2023-04-05 05:29:06',4),(169,18,37,25,1,'2023-04-05 05:29:17',10),(170,18,37,25,2,'2023-04-05 05:29:17',10),(171,18,37,25,3,'2023-04-05 05:29:17',10),(172,18,37,25,4,'2023-04-05 05:29:17',10),(173,19,34,25,1,'2023-04-05 05:35:47',3),(174,19,34,25,2,'2023-04-05 05:35:47',3),(175,19,34,25,3,'2023-04-05 05:35:47',3),(176,19,34,25,4,'2023-04-05 05:35:47',3),(177,19,35,25,1,'2023-04-05 05:35:51',3),(178,19,35,25,2,'2023-04-05 05:35:51',3),(179,19,35,25,3,'2023-04-05 05:35:51',3),(180,19,35,25,4,'2023-04-05 05:35:51',3),(181,19,36,25,1,'2023-04-05 05:35:56',4),(182,19,36,25,2,'2023-04-05 05:35:56',4),(183,19,36,25,3,'2023-04-05 05:35:56',4),(184,19,36,25,4,'2023-04-05 05:35:56',4),(185,19,37,25,1,'2023-04-05 05:36:16',19),(186,19,37,25,2,'2023-04-05 05:36:16',19),(187,19,37,25,3,'2023-04-05 05:36:16',19),(188,19,37,25,4,'2023-04-05 05:36:16',19),(189,20,34,25,1,'2023-04-05 05:40:06',3),(190,20,34,25,2,'2023-04-05 05:40:06',3),(191,20,34,25,3,'2023-04-05 05:40:06',3),(192,20,34,25,4,'2023-04-05 05:40:06',3),(193,20,35,25,1,'2023-04-05 05:40:28',17),(194,20,35,25,2,'2023-04-05 05:40:28',17),(195,20,35,25,3,'2023-04-05 05:40:28',17),(196,20,35,25,4,'2023-04-05 05:40:28',17),(197,20,36,25,1,'2023-04-05 05:42:31',122),(198,20,36,25,2,'2023-04-05 05:42:31',122),(199,20,36,25,3,'2023-04-05 05:42:31',122),(200,20,36,25,4,'2023-04-05 05:42:31',122),(201,20,37,0,1,'2023-04-05 05:50:16',17),(202,20,37,0,2,'2023-04-05 05:50:16',17),(203,20,37,0,3,'2023-04-05 05:50:16',17),(204,20,37,100,4,'2023-04-05 05:50:16',17),(205,21,34,25,1,'2023-04-05 05:50:46',2),(206,21,34,25,2,'2023-04-05 05:50:47',2),(207,21,34,25,3,'2023-04-05 05:50:47',2),(208,21,34,25,4,'2023-04-05 05:50:47',2),(209,21,35,25,1,'2023-04-05 05:51:06',17),(210,21,35,25,2,'2023-04-05 05:51:06',17),(211,21,35,25,3,'2023-04-05 05:51:06',17),(212,21,35,25,4,'2023-04-05 05:51:06',17),(213,21,36,25,1,'2023-04-05 05:51:11',5),(214,21,36,25,2,'2023-04-05 05:51:11',5),(215,21,36,25,3,'2023-04-05 05:51:11',5),(216,21,36,25,4,'2023-04-05 05:51:11',5),(217,21,37,25,1,'2023-04-05 05:51:42',30),(218,21,37,25,2,'2023-04-05 05:51:42',30),(219,21,37,25,3,'2023-04-05 05:51:42',30),(220,21,37,25,4,'2023-04-05 05:51:42',30),(221,22,34,25,1,'2023-04-05 05:56:12',3),(222,22,34,25,2,'2023-04-05 05:56:12',3),(223,22,34,25,3,'2023-04-05 05:56:12',3),(224,22,34,25,4,'2023-04-05 05:56:12',3),(225,22,35,25,1,'2023-04-05 05:59:31',4),(226,22,35,25,2,'2023-04-05 05:59:31',4),(227,22,35,25,3,'2023-04-05 05:59:31',4),(228,22,35,25,4,'2023-04-05 05:59:31',4),(229,22,36,25,1,'2023-04-05 05:59:35',3),(230,22,36,25,2,'2023-04-05 05:59:35',3),(231,22,36,25,3,'2023-04-05 05:59:35',3),(232,22,36,25,4,'2023-04-05 05:59:35',3),(233,22,37,25,1,'2023-04-05 05:59:39',3),(234,22,37,25,2,'2023-04-05 05:59:39',3),(235,22,37,25,3,'2023-04-05 05:59:39',3),(236,22,37,25,4,'2023-04-05 05:59:39',3),(237,23,34,25,1,'2023-04-05 05:59:52',2),(238,23,34,25,2,'2023-04-05 05:59:52',2),(239,23,34,25,3,'2023-04-05 05:59:52',2),(240,23,34,25,4,'2023-04-05 05:59:52',2),(241,23,35,25,1,'2023-04-05 06:00:22',30),(242,23,35,25,2,'2023-04-05 06:00:22',30),(243,23,35,25,3,'2023-04-05 06:00:22',30),(244,23,35,25,4,'2023-04-05 06:00:22',30),(245,23,36,25,1,'2023-04-05 06:00:27',4),(246,23,36,25,2,'2023-04-05 06:00:27',4),(247,23,36,25,3,'2023-04-05 06:00:27',4),(248,23,36,25,4,'2023-04-05 06:00:27',4),(249,23,37,25,1,'2023-04-05 06:00:30',3),(250,23,37,25,2,'2023-04-05 06:00:30',3),(251,23,37,25,3,'2023-04-05 06:00:30',3),(252,23,37,25,4,'2023-04-05 06:00:30',3),(253,24,34,25,1,'2023-04-05 06:00:47',3),(254,24,34,25,2,'2023-04-05 06:00:47',3),(255,24,34,25,3,'2023-04-05 06:00:47',3),(256,24,34,25,4,'2023-04-05 06:00:47',3),(257,24,35,25,1,'2023-04-05 06:00:51',3),(258,24,35,25,2,'2023-04-05 06:00:51',3),(259,24,35,25,3,'2023-04-05 06:00:51',3),(260,24,35,25,4,'2023-04-05 06:00:51',3),(261,24,36,25,1,'2023-04-05 06:00:55',3),(262,24,36,25,2,'2023-04-05 06:00:55',3),(263,24,36,25,3,'2023-04-05 06:00:55',3),(264,24,36,25,4,'2023-04-05 06:00:55',3),(265,24,37,25,1,'2023-04-05 06:00:58',3),(266,24,37,25,2,'2023-04-05 06:00:58',3),(267,24,37,25,3,'2023-04-05 06:00:58',3),(268,24,37,25,4,'2023-04-05 06:00:58',3),(269,25,34,25,1,'2023-04-05 06:03:36',2),(270,25,34,25,2,'2023-04-05 06:03:36',2),(271,25,34,25,3,'2023-04-05 06:03:36',2),(272,25,34,25,4,'2023-04-05 06:03:36',2),(273,25,35,25,1,'2023-04-05 06:04:31',4),(274,25,35,25,2,'2023-04-05 06:04:31',4),(275,25,35,25,3,'2023-04-05 06:04:31',4),(276,25,35,25,4,'2023-04-05 06:04:31',4),(277,25,36,25,1,'2023-04-05 06:04:35',3),(278,25,36,25,2,'2023-04-05 06:04:35',3),(279,25,36,25,3,'2023-04-05 06:04:35',3),(280,25,36,25,4,'2023-04-05 06:04:35',3),(281,25,37,25,1,'2023-04-05 06:04:38',3),(282,25,37,25,2,'2023-04-05 06:04:38',3),(283,25,37,25,3,'2023-04-05 06:04:38',3),(284,25,37,25,4,'2023-04-05 06:04:38',3),(285,26,34,25,1,'2023-04-05 06:04:50',2),(286,26,34,25,2,'2023-04-05 06:04:50',2),(287,26,34,25,3,'2023-04-05 06:04:50',2),(288,26,34,25,4,'2023-04-05 06:04:50',2),(289,26,35,25,1,'2023-04-05 06:04:55',5),(290,26,35,25,2,'2023-04-05 06:04:55',5),(291,26,35,25,3,'2023-04-05 06:04:55',5),(292,26,35,25,4,'2023-04-05 06:04:55',5),(293,26,36,25,1,'2023-04-05 06:05:00',4),(294,26,36,25,2,'2023-04-05 06:05:00',4),(295,26,36,25,3,'2023-04-05 06:05:00',4),(296,26,36,25,4,'2023-04-05 06:05:00',4),(297,26,37,0,1,'2023-04-05 06:05:08',8),(298,26,37,0,2,'2023-04-05 06:05:08',8),(299,26,37,0,3,'2023-04-05 06:05:08',8),(300,26,37,100,4,'2023-04-05 06:05:08',8),(301,27,34,25,1,'2023-04-05 16:19:14',2),(302,27,34,25,2,'2023-04-05 16:19:14',2),(303,27,34,25,3,'2023-04-05 16:19:14',2),(304,27,34,25,4,'2023-04-05 16:19:14',2),(305,27,35,25,1,'2023-04-05 16:19:18',3),(306,27,35,25,2,'2023-04-05 16:19:18',3),(307,27,35,25,3,'2023-04-05 16:19:18',3),(308,27,35,25,4,'2023-04-05 16:19:18',3),(309,27,36,25,1,'2023-04-05 16:19:21',3),(310,27,36,25,2,'2023-04-05 16:19:21',3),(311,27,36,25,3,'2023-04-05 16:19:21',3),(312,27,36,25,4,'2023-04-05 16:19:21',3),(313,27,37,25,1,'2023-04-05 16:19:25',3),(314,27,37,25,2,'2023-04-05 16:19:25',3),(315,27,37,25,3,'2023-04-05 16:19:25',3),(316,27,37,25,4,'2023-04-05 16:19:25',3),(317,27,38,25,1,'2023-04-05 16:19:40',14),(318,27,38,25,2,'2023-04-05 16:19:40',14),(319,27,38,25,3,'2023-04-05 16:19:40',14),(320,27,38,25,4,'2023-04-05 16:19:40',14),(321,28,34,0,1,'2023-04-05 20:34:37',53),(322,28,34,50,2,'2023-04-05 20:34:37',53),(323,28,34,51,3,'2023-04-05 20:34:37',53),(324,28,34,0,4,'2023-04-05 20:34:37',53),(325,28,35,25,1,'2023-04-05 20:35:23',44),(326,28,35,25,2,'2023-04-05 20:35:23',44),(327,28,35,25,3,'2023-04-05 20:35:23',44),(328,28,35,25,4,'2023-04-05 20:35:23',44),(329,28,36,57,1,'2023-04-05 20:35:48',24),(330,28,36,14,2,'2023-04-05 20:35:48',24),(331,28,36,14,3,'2023-04-05 20:35:48',24),(332,28,36,14,4,'2023-04-05 20:35:48',24),(333,28,37,0,1,'2023-04-05 20:36:07',19),(334,28,37,0,2,'2023-04-05 20:36:07',19),(335,28,37,0,3,'2023-04-05 20:36:07',19),(336,28,37,100,4,'2023-04-05 20:36:07',19),(337,28,38,0,1,'2023-04-05 20:36:43',35),(338,28,38,46,2,'2023-04-05 20:36:43',35),(339,28,38,46,3,'2023-04-05 20:36:43',35),(340,28,38,0,4,'2023-04-05 20:36:43',35),(341,28,39,0,1,'2023-04-05 20:37:22',38),(342,28,39,0,2,'2023-04-05 20:37:22',38),(343,28,39,100,3,'2023-04-05 20:37:22',38),(344,28,39,0,4,'2023-04-05 20:37:22',38),(345,29,34,0,1,'2023-04-05 20:43:17',15),(346,29,34,50,2,'2023-04-05 20:43:17',15),(347,29,34,50,3,'2023-04-05 20:43:17',15),(348,29,34,0,4,'2023-04-05 20:43:17',15),(349,29,35,25,1,'2023-04-05 20:43:31',13),(350,29,35,25,2,'2023-04-05 20:43:31',13),(351,29,35,25,3,'2023-04-05 20:43:31',13),(352,29,35,25,4,'2023-04-05 20:43:31',13),(353,29,36,100,1,'2023-04-05 20:44:05',34),(354,29,36,0,2,'2023-04-05 20:44:05',34),(355,29,36,0,3,'2023-04-05 20:44:05',34),(356,29,36,0,4,'2023-04-05 20:44:05',34),(357,29,37,0,1,'2023-04-05 20:44:56',7),(358,29,37,0,2,'2023-04-05 20:44:56',7),(359,29,37,100,3,'2023-04-05 20:44:56',7),(360,29,37,0,4,'2023-04-05 20:44:56',7),(361,29,38,50,1,'2023-04-05 20:45:33',36),(362,29,38,50,2,'2023-04-05 20:45:33',36),(363,29,38,0,3,'2023-04-05 20:45:33',36),(364,29,38,0,4,'2023-04-05 20:45:33',36),(365,29,39,0,1,'2023-04-05 20:45:52',7),(366,29,39,0,2,'2023-04-05 20:45:52',7),(367,29,39,100,3,'2023-04-05 20:45:52',7),(368,29,39,0,4,'2023-04-05 20:45:52',7),(369,30,34,0,1,'2023-04-07 21:03:51',20),(370,30,34,18,2,'2023-04-07 21:03:51',20),(371,30,34,41,3,'2023-04-07 21:03:51',20),(372,30,34,41,4,'2023-04-07 21:03:51',20),(373,30,35,25,1,'2023-04-07 21:06:02',126),(374,30,35,25,2,'2023-04-07 21:06:02',126),(375,30,35,25,3,'2023-04-07 21:06:02',126),(376,30,35,25,4,'2023-04-07 21:06:02',126),(377,30,36,25,1,'2023-04-07 21:07:18',69),(378,30,36,25,2,'2023-04-07 21:07:18',69),(379,30,36,25,3,'2023-04-07 21:07:18',69),(380,30,36,25,4,'2023-04-07 21:07:18',69),(381,30,37,0,1,'2023-04-07 21:08:17',52),(382,30,37,0,2,'2023-04-07 21:08:17',52),(383,30,37,0,3,'2023-04-07 21:08:17',52),(384,30,37,100,4,'2023-04-07 21:08:17',52),(385,30,38,16,1,'2023-04-07 21:09:27',61),(386,30,38,52,2,'2023-04-07 21:09:27',61),(387,30,38,16,3,'2023-04-07 21:09:27',61),(388,30,38,16,4,'2023-04-07 21:09:27',61),(389,30,39,0,1,'2023-04-07 21:10:07',39),(390,30,39,0,2,'2023-04-07 21:10:07',39),(391,30,39,100,3,'2023-04-07 21:10:07',39),(392,30,39,0,4,'2023-04-07 21:10:07',39),(393,31,34,25,1,'2023-04-07 21:12:57',3),(394,31,34,25,2,'2023-04-07 21:12:57',3),(395,31,34,25,3,'2023-04-07 21:12:57',3),(396,31,34,25,4,'2023-04-07 21:12:57',3),(397,31,35,25,1,'2023-04-07 21:13:52',1),(398,31,35,25,2,'2023-04-07 21:13:52',1),(399,31,35,25,3,'2023-04-07 21:13:52',1),(400,31,35,25,4,'2023-04-07 21:13:52',1),(401,31,36,25,1,'2023-04-07 21:13:56',3),(402,31,36,25,2,'2023-04-07 21:13:56',3),(403,31,36,25,3,'2023-04-07 21:13:56',3),(404,31,36,25,4,'2023-04-07 21:13:56',3),(405,31,37,25,1,'2023-04-07 21:13:59',3),(406,31,37,25,2,'2023-04-07 21:13:59',3),(407,31,37,25,3,'2023-04-07 21:13:59',3),(408,31,37,25,4,'2023-04-07 21:13:59',3),(409,31,38,25,1,'2023-04-07 21:14:03',2),(410,31,38,25,2,'2023-04-07 21:14:03',2),(411,31,38,25,3,'2023-04-07 21:14:03',2),(412,31,38,25,4,'2023-04-07 21:14:03',2),(413,31,39,25,1,'2023-04-07 21:14:06',3),(414,31,39,25,2,'2023-04-07 21:14:06',3),(415,31,39,25,3,'2023-04-07 21:14:06',3),(416,31,39,25,4,'2023-04-07 21:14:06',3),(417,32,34,25,1,'2023-04-07 21:14:18',2),(418,32,34,25,2,'2023-04-07 21:14:18',2),(419,32,34,25,3,'2023-04-07 21:14:18',2),(420,32,34,25,4,'2023-04-07 21:14:18',2),(421,7,1,0,1,'2023-04-13 21:50:46',120),(422,7,1,0,2,'2023-04-13 21:50:46',120),(423,7,1,100,3,'2023-04-13 21:50:46',120),(424,7,1,0,4,'2023-04-13 21:50:47',120),(425,7,2,100,1,'2023-04-13 21:51:45',52),(426,7,2,0,2,'2023-04-13 21:51:45',52),(427,7,2,0,3,'2023-04-13 21:51:45',52),(428,7,2,0,4,'2023-04-13 21:51:45',52),(429,7,5,0,1,'2023-04-13 21:52:04',18),(430,7,5,100,2,'2023-04-13 21:52:04',18),(431,7,5,0,3,'2023-04-13 21:52:04',18),(432,7,5,0,4,'2023-04-13 21:52:04',18),(433,7,4,0,1,'2023-04-13 21:53:54',109),(434,7,4,0,2,'2023-04-13 21:53:54',109),(435,7,4,0,3,'2023-04-13 21:53:54',109),(436,7,4,100,4,'2023-04-13 21:53:54',109),(437,7,3,0,1,'2023-04-13 21:55:53',97),(438,7,3,0,2,'2023-04-13 21:55:53',97),(439,7,3,100,3,'2023-04-13 21:55:53',97),(440,7,3,0,4,'2023-04-13 21:55:53',97),(441,3,14,25,1,'2023-04-13 22:04:14',22),(442,3,14,25,2,'2023-04-13 22:04:14',22),(443,3,14,25,3,'2023-04-13 22:04:14',22),(444,3,14,25,4,'2023-04-13 22:04:14',22),(445,3,15,25,1,'2023-04-13 22:04:58',27),(446,3,15,25,2,'2023-04-13 22:04:58',27),(447,3,15,25,3,'2023-04-13 22:04:58',27),(448,3,15,25,4,'2023-04-13 22:04:58',27),(449,3,16,25,1,'2023-04-13 22:05:16',17),(450,3,16,25,2,'2023-04-13 22:05:16',17),(451,3,16,25,3,'2023-04-13 22:05:16',17),(452,3,16,25,4,'2023-04-13 22:05:16',17),(453,3,17,25,1,'2023-04-13 22:05:37',20),(454,3,17,25,2,'2023-04-13 22:05:37',20),(455,3,17,25,3,'2023-04-13 22:05:37',20),(456,3,17,25,4,'2023-04-13 22:05:37',20),(457,3,18,25,1,'2023-04-13 22:06:33',55),(458,3,18,25,2,'2023-04-13 22:06:33',55),(459,3,18,25,3,'2023-04-13 22:06:33',55),(460,3,18,25,4,'2023-04-13 22:06:33',55),(461,3,19,9,1,'2023-04-13 22:07:37',63),(462,3,19,71,2,'2023-04-13 22:07:37',63),(463,3,19,9,3,'2023-04-13 22:07:37',63),(464,3,19,9,4,'2023-04-13 22:07:37',63),(465,3,20,0,1,'2023-04-13 22:08:46',66),(466,3,20,0,2,'2023-04-13 22:08:46',66),(467,3,20,41,3,'2023-04-13 22:08:46',66),(468,3,20,58,4,'2023-04-13 22:08:46',66),(469,3,21,25,1,'2023-04-13 22:08:58',11),(470,3,21,25,2,'2023-04-13 22:08:58',11),(471,3,21,25,3,'2023-04-13 22:08:58',11),(472,3,21,25,4,'2023-04-13 22:08:58',11),(473,3,22,25,1,'2023-04-13 22:09:04',5),(474,3,22,25,2,'2023-04-13 22:09:04',5),(475,3,22,25,3,'2023-04-13 22:09:04',5),(476,3,22,25,4,'2023-04-13 22:09:04',5),(477,3,23,25,1,'2023-04-13 22:09:07',2),(478,3,23,25,2,'2023-04-13 22:09:07',2),(479,3,23,25,3,'2023-04-13 22:09:07',2),(480,3,23,25,4,'2023-04-13 22:09:07',2),(481,3,24,25,1,'2023-04-13 22:09:11',3),(482,3,24,25,2,'2023-04-13 22:09:11',3),(483,3,24,25,3,'2023-04-13 22:09:11',3),(484,3,24,25,4,'2023-04-13 22:09:11',3),(485,32,35,25,1,'2023-04-13 22:10:12',39),(486,32,35,25,2,'2023-04-13 22:10:12',39),(487,32,35,25,3,'2023-04-13 22:10:12',39),(488,32,35,25,4,'2023-04-13 22:10:12',39),(489,32,36,25,1,'2023-04-13 22:11:06',46),(490,32,36,25,2,'2023-04-13 22:11:06',46),(491,32,36,25,3,'2023-04-13 22:11:06',46),(492,32,36,25,4,'2023-04-13 22:11:06',46),(493,32,37,0,1,'2023-04-13 22:12:01',44),(494,32,37,0,2,'2023-04-13 22:12:01',44),(495,32,37,100,3,'2023-04-13 22:12:01',44),(496,32,37,0,4,'2023-04-13 22:12:01',44),(497,32,38,25,1,'2023-04-13 22:12:12',10),(498,32,38,25,2,'2023-04-13 22:12:12',10),(499,32,38,25,3,'2023-04-13 22:12:12',10),(500,32,38,25,4,'2023-04-13 22:12:12',10),(501,32,39,25,1,'2023-04-13 22:12:20',7),(502,32,39,25,2,'2023-04-13 22:12:20',7),(503,32,39,25,3,'2023-04-13 22:12:20',7),(504,32,39,25,4,'2023-04-13 22:12:20',7),(505,34,34,50,1,'2023-04-19 20:37:04',121),(506,34,34,50,2,'2023-04-19 20:37:04',121),(507,34,34,0,3,'2023-04-19 20:37:04',121),(508,34,34,0,4,'2023-04-19 20:37:04',121),(509,34,35,50,1,'2023-04-19 20:38:49',99),(510,34,35,49,2,'2023-04-19 20:38:49',99),(511,34,35,0,3,'2023-04-19 20:38:49',99),(512,34,35,0,4,'2023-04-19 20:38:49',99),(513,34,36,25,1,'2023-04-19 20:42:00',2),(514,34,36,25,2,'2023-04-19 20:42:00',2),(515,34,36,25,3,'2023-04-19 20:42:00',2),(516,34,36,25,4,'2023-04-19 20:42:00',2),(517,34,37,0,1,'2023-04-19 20:42:53',37),(518,34,37,0,2,'2023-04-19 20:42:53',37),(519,34,37,100,3,'2023-04-19 20:42:53',37),(520,34,37,0,4,'2023-04-19 20:42:53',37),(521,34,38,0,1,'2023-04-19 20:45:26',141),(522,34,38,0,2,'2023-04-19 20:45:26',141),(523,34,38,100,3,'2023-04-19 20:45:26',141),(524,34,38,0,4,'2023-04-19 20:45:26',141),(525,34,39,0,1,'2023-04-19 20:46:28',52),(526,34,39,0,2,'2023-04-19 20:46:28',52),(527,34,39,100,3,'2023-04-19 20:46:28',52),(528,34,39,0,4,'2023-04-19 20:46:28',52),(529,33,1,0,1,'2023-04-25 14:27:18',270),(530,33,1,0,2,'2023-04-25 14:27:18',270),(531,33,1,100,3,'2023-04-25 14:27:18',270),(532,33,1,0,4,'2023-04-25 14:27:18',270),(533,33,2,51,1,'2023-04-25 14:29:53',147),(534,33,2,0,2,'2023-04-25 14:29:53',147),(535,33,2,0,3,'2023-04-25 14:29:53',147),(536,33,2,51,4,'2023-04-25 14:29:53',147),(537,33,5,0,1,'2023-04-25 14:30:32',38),(538,33,5,100,2,'2023-04-25 14:30:32',38),(539,33,5,0,3,'2023-04-25 14:30:32',38),(540,33,5,0,4,'2023-04-25 14:30:32',38),(541,33,4,0,1,'2023-04-25 14:31:23',50),(542,33,4,0,2,'2023-04-25 14:31:23',50),(543,33,4,0,3,'2023-04-25 14:31:23',50),(544,33,4,100,4,'2023-04-25 14:31:23',50),(545,33,3,25,1,'2023-04-25 14:33:36',102),(546,33,3,25,2,'2023-04-25 14:33:36',102),(547,33,3,25,3,'2023-04-25 14:33:36',102),(548,33,3,25,4,'2023-04-25 14:33:36',102),(549,35,34,25,1,'2023-04-25 14:36:28',37),(550,35,34,25,2,'2023-04-25 14:36:28',37),(551,35,34,25,3,'2023-04-25 14:36:28',37),(552,35,34,25,4,'2023-04-25 14:36:28',37),(553,3,25,25,1,'2023-05-02 18:34:18',18),(554,3,25,25,2,'2023-05-02 18:34:18',18),(555,3,25,25,3,'2023-05-02 18:34:18',18),(556,3,25,25,4,'2023-05-02 18:34:18',18),(557,35,35,0,1,'2023-05-03 16:10:08',215),(558,35,35,0,2,'2023-05-03 16:10:08',215),(559,35,35,100,3,'2023-05-03 16:10:08',215),(560,35,35,0,4,'2023-05-03 16:10:08',215),(561,35,36,27,1,'2023-05-03 16:11:17',44),(562,35,36,27,2,'2023-05-03 16:11:17',44),(563,35,36,27,3,'2023-05-03 16:11:17',44),(564,35,36,16,4,'2023-05-03 16:11:17',44),(565,35,37,0,1,'2023-05-03 16:12:23',43),(566,35,37,0,2,'2023-05-03 16:12:23',43),(567,35,37,100,3,'2023-05-03 16:12:23',43),(568,35,37,0,4,'2023-05-03 16:12:23',43),(569,35,38,25,1,'2023-05-03 16:13:07',40),(570,35,38,25,2,'2023-05-03 16:13:07',40),(571,35,38,25,3,'2023-05-03 16:13:07',40),(572,35,38,25,4,'2023-05-03 16:13:07',40),(573,35,39,25,1,'2023-05-03 16:14:05',45),(574,35,39,25,2,'2023-05-03 16:14:05',45),(575,35,39,25,3,'2023-05-03 16:14:05',45),(576,35,39,25,4,'2023-05-03 16:14:05',45),(577,36,1,0,1,'2023-05-03 18:05:17',53),(578,36,1,0,2,'2023-05-03 18:05:17',53),(579,36,1,47,3,'2023-05-03 18:05:17',53),(580,36,1,47,4,'2023-05-03 18:05:17',53),(581,36,2,25,1,'2023-05-03 18:05:31',13),(582,36,2,25,2,'2023-05-03 18:05:31',13),(583,36,2,25,3,'2023-05-03 18:05:31',13),(584,36,2,25,4,'2023-05-03 18:05:31',13),(585,36,5,25,1,'2023-05-03 18:05:34',2),(586,36,5,25,2,'2023-05-03 18:05:34',2),(587,36,5,25,3,'2023-05-03 18:05:34',2),(588,36,5,25,4,'2023-05-03 18:05:34',2),(589,36,4,25,1,'2023-05-03 18:05:36',2),(590,36,4,25,2,'2023-05-03 18:05:36',2),(591,36,4,25,3,'2023-05-03 18:05:36',2),(592,36,4,25,4,'2023-05-03 18:05:36',2),(593,36,3,25,1,'2023-05-03 18:05:41',4),(594,36,3,25,2,'2023-05-03 18:05:41',4),(595,36,3,25,3,'2023-05-03 18:05:41',4),(596,36,3,25,4,'2023-05-03 18:05:41',4),(597,37,1,0,1,'2023-05-09 21:05:03',145),(598,37,1,0,2,'2023-05-09 21:05:03',145),(599,37,1,100,3,'2023-05-09 21:05:03',145),(600,37,1,0,4,'2023-05-09 21:05:03',145),(601,37,2,26,1,'2023-05-09 21:07:26',134),(602,37,2,0,2,'2023-05-09 21:07:26',134),(603,37,2,0,3,'2023-05-09 21:07:26',134),(604,37,2,76,4,'2023-05-09 21:07:26',134),(605,37,5,0,1,'2023-05-09 21:07:46',19),(606,37,5,100,2,'2023-05-09 21:07:46',19),(607,37,5,0,3,'2023-05-09 21:07:46',19),(608,37,5,0,4,'2023-05-09 21:07:46',19),(609,37,4,11,1,'2023-05-09 21:08:29',42),(610,37,4,11,2,'2023-05-09 21:08:29',42),(611,37,4,11,3,'2023-05-09 21:08:29',42),(612,37,4,68,4,'2023-05-09 21:08:29',42),(613,37,3,16,1,'2023-05-09 21:10:01',75),(614,37,3,16,2,'2023-05-09 21:10:01',75),(615,37,3,16,3,'2023-05-09 21:10:01',75),(616,37,3,52,4,'2023-05-09 21:10:01',75),(617,38,1,0,1,'2023-05-10 15:45:55',245),(618,38,1,0,2,'2023-05-10 15:45:55',245),(619,38,1,47,3,'2023-05-10 15:45:55',245),(620,38,1,54,4,'2023-05-10 15:45:55',245),(621,38,2,100,1,'2023-05-10 15:47:03',63),(622,38,2,0,2,'2023-05-10 15:47:03',63),(623,38,2,0,3,'2023-05-10 15:47:03',63),(624,38,2,0,4,'2023-05-10 15:47:03',63),(625,38,5,0,1,'2023-05-10 15:47:27',23),(626,38,5,100,2,'2023-05-10 15:47:27',23),(627,38,5,0,3,'2023-05-10 15:47:27',23),(628,38,5,0,4,'2023-05-10 15:47:27',23),(629,38,4,25,1,'2023-05-10 15:48:10',41),(630,38,4,25,2,'2023-05-10 15:48:10',41),(631,38,4,25,3,'2023-05-10 15:48:10',41),(632,38,4,25,4,'2023-05-10 15:48:10',41),(633,38,3,25,1,'2023-05-10 15:54:40',389),(634,38,3,25,2,'2023-05-10 15:54:40',389),(635,38,3,25,3,'2023-05-10 15:54:40',389),(636,38,3,25,4,'2023-05-10 15:54:40',389),(637,39,34,25,1,'2023-05-10 15:58:11',49),(638,39,34,25,2,'2023-05-10 15:58:11',49),(639,39,34,25,3,'2023-05-10 15:58:11',49),(640,39,34,25,4,'2023-05-10 15:58:11',49),(641,40,1,0,1,'2023-05-17 21:04:41',137),(642,40,1,0,2,'2023-05-17 21:04:41',137),(643,40,1,81,3,'2023-05-17 21:04:41',137),(644,40,1,18,4,'2023-05-17 21:04:41',137),(645,40,2,0,1,'2023-05-17 21:07:25',164),(646,40,2,0,2,'2023-05-17 21:07:25',164),(647,40,2,0,3,'2023-05-17 21:07:25',164),(648,40,2,100,4,'2023-05-17 21:07:25',164),(649,40,5,0,1,'2023-05-17 21:07:55',28),(650,40,5,100,2,'2023-05-17 21:07:55',28),(651,40,5,0,3,'2023-05-17 21:07:55',28),(652,40,5,0,4,'2023-05-17 21:07:55',28),(653,40,4,8,1,'2023-05-17 21:08:23',27),(654,40,4,8,2,'2023-05-17 21:08:23',27),(655,40,4,8,3,'2023-05-17 21:08:23',27),(656,40,4,77,4,'2023-05-17 21:08:23',27),(657,40,3,24,1,'2023-05-17 21:11:51',201),(658,40,3,25,2,'2023-05-17 21:11:51',201),(659,40,3,25,3,'2023-05-17 21:11:51',201),(660,40,3,25,4,'2023-05-17 21:11:51',201),(661,39,35,25,1,'2023-05-17 21:14:44',17),(662,39,35,25,2,'2023-05-17 21:14:44',17),(663,39,35,25,3,'2023-05-17 21:14:44',17),(664,39,35,25,4,'2023-05-17 21:14:44',17),(665,3,26,25,1,'2023-05-17 21:16:54',3),(666,3,26,25,2,'2023-05-17 21:16:54',3),(667,3,26,25,3,'2023-05-17 21:16:54',3),(668,3,26,25,4,'2023-05-17 21:16:54',3),(669,8,29,25,1,'2023-05-17 21:19:48',98),(670,8,29,25,2,'2023-05-17 21:19:48',98),(671,8,29,25,3,'2023-05-17 21:19:48',98),(672,8,29,25,4,'2023-05-17 21:19:48',98),(673,41,1,0,1,'2023-05-25 16:43:56',11),(674,41,1,0,2,'2023-05-25 16:43:56',11),(675,41,1,50,3,'2023-05-25 16:43:56',11),(676,41,1,50,4,'2023-05-25 16:43:56',11),(677,41,2,97,1,'2023-05-25 16:45:16',75),(678,41,2,0,2,'2023-05-25 16:45:16',75),(679,41,2,0,3,'2023-05-25 16:45:16',75),(680,41,2,0,4,'2023-05-25 16:45:16',75),(681,41,5,0,1,'2023-05-25 16:45:36',19),(682,41,5,100,2,'2023-05-25 16:45:36',19),(683,41,5,0,3,'2023-05-25 16:45:36',19),(684,41,5,0,4,'2023-05-25 16:45:36',19),(685,41,4,0,1,'2023-05-25 16:45:43',6),(686,41,4,0,2,'2023-05-25 16:45:43',6),(687,41,4,0,3,'2023-05-25 16:45:43',6),(688,41,4,100,4,'2023-05-25 16:45:43',6),(689,41,3,25,1,'2023-05-25 16:46:30',46),(690,41,3,25,2,'2023-05-25 16:46:30',46),(691,41,3,25,3,'2023-05-25 16:46:30',46),(692,41,3,25,4,'2023-05-25 16:46:30',46),(693,39,36,25,1,'2023-05-25 16:47:25',2),(694,39,36,25,2,'2023-05-25 16:47:25',2),(695,39,36,25,3,'2023-05-25 16:47:25',2),(696,39,36,25,4,'2023-05-25 16:47:25',2),(697,39,37,25,1,'2023-05-25 16:47:36',10),(698,39,37,25,2,'2023-05-25 16:47:36',10),(699,39,37,25,3,'2023-05-25 16:47:36',10),(700,39,37,25,4,'2023-05-25 16:47:36',10),(701,39,38,25,1,'2023-05-25 16:47:49',12),(702,39,38,25,2,'2023-05-25 16:47:49',12),(703,39,38,25,3,'2023-05-25 16:47:49',12),(704,39,38,25,4,'2023-05-25 16:47:49',12),(705,39,39,25,1,'2023-05-25 16:47:52',3),(706,39,39,25,2,'2023-05-25 16:47:52',3),(707,39,39,25,3,'2023-05-25 16:47:52',3),(708,39,39,25,4,'2023-05-25 16:47:52',3),(709,42,34,25,1,'2023-05-25 21:20:51',19),(710,42,34,25,2,'2023-05-25 21:20:51',19),(711,42,34,25,3,'2023-05-25 21:20:51',19),(712,42,34,25,4,'2023-05-25 21:20:51',19),(713,42,35,25,1,'2023-05-25 21:21:11',19),(714,42,35,25,2,'2023-05-25 21:21:11',19),(715,42,35,25,3,'2023-05-25 21:21:11',19),(716,42,35,25,4,'2023-05-25 21:21:11',19),(717,42,36,25,1,'2023-05-25 21:21:21',9),(718,42,36,25,2,'2023-05-25 21:21:21',9),(719,42,36,25,3,'2023-05-25 21:21:21',9),(720,42,36,25,4,'2023-05-25 21:21:21',9),(721,42,37,25,1,'2023-05-25 21:21:42',21),(722,42,37,25,2,'2023-05-25 21:21:42',21),(723,42,37,25,3,'2023-05-25 21:21:42',21),(724,42,37,25,4,'2023-05-25 21:21:42',21),(725,42,38,25,1,'2023-05-25 21:22:07',24),(726,42,38,25,2,'2023-05-25 21:22:07',24),(727,42,38,25,3,'2023-05-25 21:22:07',24),(728,42,38,25,4,'2023-05-25 21:22:07',24),(729,42,39,25,1,'2023-05-25 21:22:15',6),(730,42,39,25,2,'2023-05-25 21:22:15',6),(731,42,39,25,3,'2023-05-25 21:22:15',6),(732,42,39,25,4,'2023-05-25 21:22:15',6),(733,43,1,15,1,'2023-05-30 19:44:47',17),(734,43,1,28,2,'2023-05-30 19:44:47',17),(735,43,1,28,3,'2023-05-30 19:44:47',17),(736,43,1,28,4,'2023-05-30 19:44:47',17),(737,43,2,25,1,'2023-05-30 19:44:56',8),(738,43,2,25,2,'2023-05-30 19:44:56',8),(739,43,2,25,3,'2023-05-30 19:44:56',8),(740,43,2,25,4,'2023-05-30 19:44:56',8),(741,43,5,25,1,'2023-05-30 19:45:14',17),(742,43,5,25,2,'2023-05-30 19:45:14',17),(743,43,5,25,3,'2023-05-30 19:45:14',17),(744,43,5,25,4,'2023-05-30 19:45:14',17),(745,43,4,25,1,'2023-05-30 19:45:20',5),(746,43,4,25,2,'2023-05-30 19:45:20',5),(747,43,4,25,3,'2023-05-30 19:45:20',5),(748,43,4,25,4,'2023-05-30 19:45:20',5),(749,43,3,25,1,'2023-05-30 19:45:26',5),(750,43,3,25,2,'2023-05-30 19:45:26',5),(751,43,3,25,3,'2023-05-30 19:45:26',5),(752,43,3,25,4,'2023-05-30 19:45:26',5),(753,8,30,25,1,'2023-05-30 19:45:49',12),(754,8,30,25,2,'2023-05-30 19:45:49',12),(755,8,30,25,3,'2023-05-30 19:45:49',12),(756,8,30,25,4,'2023-05-30 19:45:49',12),(757,8,31,25,1,'2023-05-30 19:45:57',7),(758,8,31,25,2,'2023-05-30 19:45:57',7),(759,8,31,25,3,'2023-05-30 19:45:57',7),(760,8,31,25,4,'2023-05-30 19:45:57',7),(761,8,32,25,1,'2023-05-30 19:46:18',20),(762,8,32,25,2,'2023-05-30 19:46:18',20),(763,8,32,25,3,'2023-05-30 19:46:18',20),(764,8,32,25,4,'2023-05-30 19:46:18',20),(765,8,33,25,1,'2023-05-30 19:50:06',7),(766,8,33,25,2,'2023-05-30 19:50:06',7),(767,8,33,25,3,'2023-05-30 19:50:06',7),(768,8,33,25,4,'2023-05-30 19:50:06',7),(769,44,29,25,1,'2023-05-30 19:51:59',99),(770,44,29,25,2,'2023-05-30 19:51:59',99),(771,44,29,25,3,'2023-05-30 19:51:59',99),(772,44,29,25,4,'2023-05-30 19:51:59',99),(773,44,30,25,1,'2023-05-30 19:52:03',3),(774,44,30,25,2,'2023-05-30 19:52:03',3),(775,44,30,25,3,'2023-05-30 19:52:03',3),(776,44,30,25,4,'2023-05-30 19:52:03',3),(777,44,31,25,1,'2023-05-30 19:52:06',2),(778,44,31,25,2,'2023-05-30 19:52:06',2),(779,44,31,25,3,'2023-05-30 19:52:06',2),(780,44,31,25,4,'2023-05-30 19:52:06',2),(781,44,32,25,1,'2023-05-30 19:52:09',2),(782,44,32,25,2,'2023-05-30 19:52:09',2),(783,44,32,25,3,'2023-05-30 19:52:09',2),(784,44,32,25,4,'2023-05-30 19:52:09',2),(785,44,33,25,1,'2023-05-30 19:52:12',2),(786,44,33,25,2,'2023-05-30 19:52:12',2),(787,44,33,25,3,'2023-05-30 19:52:12',2),(788,44,33,25,4,'2023-05-30 19:52:12',2),(789,45,1,0,1,'2023-06-01 15:16:17',129),(790,45,1,51,2,'2023-06-01 15:16:17',129),(791,45,1,51,3,'2023-06-01 15:16:17',129),(792,45,1,0,4,'2023-06-01 15:16:17',129),(793,45,2,26,1,'2023-06-06 14:35:40',236),(794,45,2,0,2,'2023-06-06 14:35:40',236),(795,45,2,0,3,'2023-06-06 14:35:40',236),(796,45,2,75,4,'2023-06-06 14:35:40',236),(797,45,5,0,1,'2023-06-06 14:37:05',80),(798,45,5,100,2,'2023-06-06 14:37:05',80),(799,45,5,0,3,'2023-06-06 14:37:05',80),(800,45,5,0,4,'2023-06-06 14:37:05',80),(801,45,4,7,1,'2023-06-06 14:38:24',78),(802,45,4,7,2,'2023-06-06 14:38:24',78),(803,45,4,7,3,'2023-06-06 14:38:24',78),(804,45,4,76,4,'2023-06-06 14:38:24',78),(805,45,3,25,1,'2023-06-06 14:39:56',72),(806,45,3,25,2,'2023-06-06 14:39:56',72),(807,45,3,25,3,'2023-06-06 14:39:56',72),(808,45,3,25,4,'2023-06-06 14:39:56',72),(809,5,1,0,1,'2023-08-08 23:11:55',36),(810,5,1,0,2,'2023-08-08 23:11:55',36),(811,5,1,100,3,'2023-08-08 23:11:55',36),(812,5,1,0,4,'2023-08-08 23:11:55',36),(813,5,2,25,1,'2023-08-09 00:35:38',4),(814,5,2,25,2,'2023-08-09 00:35:38',4),(815,5,2,25,3,'2023-08-09 00:35:38',4),(816,5,2,25,4,'2023-08-09 00:35:38',4),(817,5,5,25,1,'2023-08-09 00:44:43',9),(818,5,5,25,2,'2023-08-09 00:44:43',9),(819,5,5,25,3,'2023-08-09 00:44:44',9),(820,5,5,25,4,'2023-08-09 00:44:44',9),(821,5,3,25,1,'2023-08-09 00:52:50',15),(822,5,3,25,2,'2023-08-09 00:52:50',15),(823,5,3,25,3,'2023-08-09 00:52:50',15),(824,5,3,25,4,'2023-08-09 00:52:50',15),(825,5,4,25,1,'2023-08-09 00:57:22',2),(826,5,4,25,2,'2023-08-09 00:57:22',2),(827,5,4,25,3,'2023-08-09 00:57:22',2),(828,5,4,25,4,'2023-08-09 00:57:22',2),(829,49,1,25,1,'2023-08-09 01:01:19',3),(830,49,1,25,2,'2023-08-09 01:01:19',3),(831,49,1,25,3,'2023-08-09 01:01:19',3),(832,49,1,25,4,'2023-08-09 01:01:19',3),(833,49,4,25,1,'2023-08-09 01:01:36',6),(834,49,4,25,2,'2023-08-09 01:01:36',6),(835,49,4,25,3,'2023-08-09 01:01:36',6),(836,49,4,25,4,'2023-08-09 01:01:36',6),(837,49,5,25,1,'2023-08-09 01:01:54',1),(838,49,5,25,2,'2023-08-09 01:01:54',1),(839,49,5,25,3,'2023-08-09 01:01:54',1),(840,49,5,25,4,'2023-08-09 01:01:54',1),(841,49,3,25,1,'2023-08-09 01:02:03',2),(842,49,3,25,2,'2023-08-09 01:02:03',2),(843,49,3,25,3,'2023-08-09 01:02:03',2),(844,49,3,25,4,'2023-08-09 01:02:03',2),(845,49,2,25,1,'2023-08-09 01:02:10',1),(846,49,2,25,2,'2023-08-09 01:02:10',1),(847,49,2,25,3,'2023-08-09 01:02:10',1),(848,49,2,25,4,'2023-08-09 01:02:10',1),(849,50,2,25,1,'2023-08-09 01:05:55',2),(850,50,2,25,2,'2023-08-09 01:05:55',2),(851,50,2,25,3,'2023-08-09 01:05:55',2),(852,50,2,25,4,'2023-08-09 01:05:55',2),(853,50,1,25,1,'2023-08-09 01:05:58',2),(854,50,1,25,2,'2023-08-09 01:05:58',2),(855,50,1,25,3,'2023-08-09 01:05:58',2),(856,50,1,25,4,'2023-08-09 01:05:58',2),(857,50,5,25,1,'2023-08-09 01:06:01',2),(858,50,5,25,2,'2023-08-09 01:06:01',2),(859,50,5,25,3,'2023-08-09 01:06:01',2),(860,50,5,25,4,'2023-08-09 01:06:01',2),(861,50,4,25,1,'2023-08-09 01:06:04',2),(862,50,4,25,2,'2023-08-09 01:06:04',2),(863,50,4,25,3,'2023-08-09 01:06:04',2),(864,50,4,25,4,'2023-08-09 01:06:04',2),(865,50,3,25,1,'2023-08-09 01:06:09',4),(866,50,3,25,2,'2023-08-09 01:06:09',4),(867,50,3,25,3,'2023-08-09 01:06:09',4),(868,50,3,25,4,'2023-08-09 01:06:09',4),(869,51,2,25,1,'2023-08-09 13:04:12',5),(870,51,2,25,2,'2023-08-09 13:04:12',5),(871,51,2,25,3,'2023-08-09 13:04:12',5),(872,51,2,25,4,'2023-08-09 13:04:12',5),(873,51,3,25,1,'2023-08-09 13:05:44',6),(874,51,3,25,2,'2023-08-09 13:05:44',6),(875,51,3,25,3,'2023-08-09 13:05:44',6),(876,51,3,25,4,'2023-08-09 13:05:44',6),(877,51,4,25,1,'2023-08-09 13:08:37',125),(878,51,4,25,2,'2023-08-09 13:08:37',125),(879,51,4,25,3,'2023-08-09 13:08:37',125),(880,51,4,25,4,'2023-08-09 13:08:37',125),(881,51,5,25,1,'2023-08-09 13:10:47',7),(882,51,5,25,2,'2023-08-09 13:10:47',7),(883,51,5,25,3,'2023-08-09 13:10:47',7),(884,51,5,25,4,'2023-08-09 13:10:47',7),(885,51,1,25,1,'2023-08-09 13:11:00',12),(886,51,1,25,2,'2023-08-09 13:11:00',12),(887,51,1,25,3,'2023-08-09 13:11:00',12),(888,51,1,25,4,'2023-08-09 13:11:00',12),(889,52,1,25,1,'2023-08-09 13:47:24',4),(890,52,1,25,2,'2023-08-09 13:47:24',4),(891,52,1,25,3,'2023-08-09 13:47:24',4),(892,52,1,25,4,'2023-08-09 13:47:24',4),(893,52,2,25,1,'2023-08-09 13:47:30',5),(894,52,2,25,2,'2023-08-09 13:47:30',5),(895,52,2,25,3,'2023-08-09 13:47:30',5),(896,52,2,25,4,'2023-08-09 13:47:30',5),(897,52,4,25,1,'2023-08-09 13:51:43',8),(898,52,4,25,2,'2023-08-09 13:51:43',8),(899,52,4,25,3,'2023-08-09 13:51:43',8),(900,52,4,25,4,'2023-08-09 13:51:43',8),(901,52,3,25,1,'2023-08-09 13:51:48',4),(902,52,3,25,2,'2023-08-09 13:51:48',4),(903,52,3,25,3,'2023-08-09 13:51:48',4),(904,52,3,25,4,'2023-08-09 13:51:48',4),(905,52,5,25,1,'2023-08-09 13:51:51',3),(906,52,5,25,2,'2023-08-09 13:51:51',3),(907,52,5,25,3,'2023-08-09 13:51:51',3),(908,52,5,25,4,'2023-08-09 13:51:51',3),(909,53,3,25,1,'2023-08-09 13:52:00',3),(910,53,3,25,2,'2023-08-09 13:52:00',3),(911,53,3,25,3,'2023-08-09 13:52:00',3),(912,53,3,25,4,'2023-08-09 13:52:00',3),(913,53,4,25,1,'2023-08-09 13:52:04',3),(914,53,4,25,2,'2023-08-09 13:52:04',3),(915,53,4,25,3,'2023-08-09 13:52:04',3),(916,53,4,25,4,'2023-08-09 13:52:04',3),(917,53,2,25,1,'2023-08-09 13:52:06',1),(918,53,2,25,2,'2023-08-09 13:52:06',1),(919,53,2,25,3,'2023-08-09 13:52:06',1),(920,53,2,25,4,'2023-08-09 13:52:06',1),(921,53,1,25,1,'2023-08-09 13:52:08',2),(922,53,1,25,2,'2023-08-09 13:52:08',2),(923,53,1,25,3,'2023-08-09 13:52:08',2),(924,53,1,25,4,'2023-08-09 13:52:08',2),(925,53,5,25,1,'2023-08-09 13:52:11',2),(926,53,5,25,2,'2023-08-09 13:52:11',2),(927,53,5,25,3,'2023-08-09 13:52:11',2),(928,53,5,25,4,'2023-08-09 13:52:11',2),(929,54,3,25,1,'2023-08-09 15:02:59',11),(930,54,3,25,2,'2023-08-09 15:02:59',11),(931,54,3,25,3,'2023-08-09 15:02:59',11),(932,54,3,25,4,'2023-08-09 15:02:59',11),(933,54,2,25,1,'2023-08-09 15:03:26',2),(934,54,2,25,2,'2023-08-09 15:03:26',2),(935,54,2,25,3,'2023-08-09 15:03:26',2),(936,54,2,25,4,'2023-08-09 15:03:26',2),(937,54,4,25,1,'2023-08-09 15:03:52',1),(938,54,4,25,2,'2023-08-09 15:03:52',1),(939,54,4,25,3,'2023-08-09 15:03:52',1),(940,54,4,25,4,'2023-08-09 15:03:53',1),(941,54,1,25,1,'2023-08-09 15:03:58',5),(942,54,1,25,2,'2023-08-09 15:03:58',5),(943,54,1,25,3,'2023-08-09 15:03:58',5),(944,54,1,25,4,'2023-08-09 15:03:58',5),(945,54,5,25,1,'2023-08-09 15:04:51',15),(946,54,5,25,2,'2023-08-09 15:04:51',15),(947,54,5,25,3,'2023-08-09 15:04:51',15),(948,54,5,25,4,'2023-08-09 15:04:51',15),(949,55,1,25,1,'2023-08-09 20:08:45',2),(950,55,1,25,2,'2023-08-09 20:08:45',2),(951,55,1,25,3,'2023-08-09 20:08:45',2),(952,55,1,25,4,'2023-08-09 20:08:45',2),(953,55,4,25,1,'2023-08-09 20:10:25',2),(954,55,4,25,2,'2023-08-09 20:10:25',2),(955,55,4,25,3,'2023-08-09 20:10:25',2),(956,55,4,25,4,'2023-08-09 20:10:25',2),(957,55,5,25,1,'2023-08-09 20:12:48',3),(958,55,5,25,2,'2023-08-09 20:12:48',3),(959,55,5,25,3,'2023-08-09 20:12:48',3),(960,55,5,25,4,'2023-08-09 20:12:48',3),(961,55,3,25,1,'2023-08-09 20:12:54',5),(962,55,3,25,2,'2023-08-09 20:12:54',5),(963,55,3,25,3,'2023-08-09 20:12:54',5),(964,55,3,25,4,'2023-08-09 20:12:54',5),(965,55,2,25,1,'2023-08-09 20:12:59',4),(966,55,2,25,2,'2023-08-09 20:12:59',4),(967,55,2,25,3,'2023-08-09 20:12:59',4),(968,55,2,25,4,'2023-08-09 20:12:59',4),(969,48,34,25,1,'2023-08-10 22:01:35',78),(970,48,34,25,2,'2023-08-10 22:01:35',78),(971,48,34,25,3,'2023-08-10 22:01:35',78),(972,48,34,25,4,'2023-08-10 22:01:35',78),(973,47,1,0,1,'2023-08-10 22:11:35',194),(974,47,1,0,2,'2023-08-10 22:11:35',194),(975,47,1,100,3,'2023-08-10 22:11:35',194),(976,47,1,0,4,'2023-08-10 22:11:35',194),(977,47,5,0,1,'2023-08-10 22:11:46',10),(978,47,5,100,2,'2023-08-10 22:11:46',10),(979,47,5,0,3,'2023-08-10 22:11:46',10),(980,47,5,0,4,'2023-08-10 22:11:46',10),(981,47,4,0,1,'2023-08-10 22:11:55',9),(982,47,4,0,2,'2023-08-10 22:11:55',9),(983,47,4,0,3,'2023-08-10 22:11:55',9),(984,47,4,100,4,'2023-08-10 22:11:55',9),(985,47,3,0,1,'2023-08-10 22:12:13',17),(986,47,3,0,2,'2023-08-10 22:12:13',17),(987,47,3,0,3,'2023-08-10 22:12:13',17),(988,47,3,100,4,'2023-08-10 22:12:13',17),(989,47,2,100,1,'2023-08-10 22:12:27',14),(990,47,2,0,2,'2023-08-10 22:12:27',14),(991,47,2,0,3,'2023-08-10 22:12:27',14),(992,47,2,0,4,'2023-08-10 22:12:27',14),(993,56,4,25,1,'2023-08-15 19:33:38',5),(994,56,4,25,2,'2023-08-15 19:33:38',5),(995,56,4,25,3,'2023-08-15 19:33:38',5),(996,56,4,25,4,'2023-08-15 19:33:38',5),(997,56,2,25,1,'2023-08-15 19:33:50',11),(998,56,2,25,2,'2023-08-15 19:33:50',11),(999,56,2,25,3,'2023-08-15 19:33:50',11),(1000,56,2,25,4,'2023-08-15 19:33:50',11),(1001,56,5,25,1,'2023-08-15 19:33:54',3),(1002,56,5,25,2,'2023-08-15 19:33:54',3),(1003,56,5,25,3,'2023-08-15 19:33:54',3),(1004,56,5,25,4,'2023-08-15 19:33:54',3),(1005,56,3,25,1,'2023-08-15 19:34:00',5),(1006,56,3,25,2,'2023-08-15 19:34:00',5),(1007,56,3,25,3,'2023-08-15 19:34:00',5),(1008,56,3,25,4,'2023-08-15 19:34:00',5),(1009,56,1,25,1,'2023-08-15 19:34:12',11),(1010,56,1,25,2,'2023-08-15 19:34:12',11),(1011,56,1,25,3,'2023-08-15 19:34:12',11),(1012,56,1,25,4,'2023-08-15 19:34:12',11),(1013,58,3,25,1,'2023-08-15 20:45:03',2),(1014,58,3,25,2,'2023-08-15 20:45:03',2),(1015,58,3,25,3,'2023-08-15 20:45:03',2),(1016,58,3,25,4,'2023-08-15 20:45:03',2),(1017,58,5,25,1,'2023-08-15 20:45:06',3),(1018,58,5,25,2,'2023-08-15 20:45:06',3),(1019,58,5,25,3,'2023-08-15 20:45:06',3),(1020,58,5,25,4,'2023-08-15 20:45:06',3),(1021,58,2,25,1,'2023-08-15 20:45:09',2),(1022,58,2,25,2,'2023-08-15 20:45:09',2),(1023,58,2,25,3,'2023-08-15 20:45:09',2),(1024,58,2,25,4,'2023-08-15 20:45:09',2),(1025,58,4,100,1,'2023-08-15 20:45:13',4),(1026,58,4,0,2,'2023-08-15 20:45:13',4),(1027,58,4,0,3,'2023-08-15 20:45:13',4),(1028,58,4,0,4,'2023-08-15 20:45:13',4),(1029,58,1,0,1,'2023-08-15 20:45:18',4),(1030,58,1,0,2,'2023-08-15 20:45:18',4),(1031,58,1,100,3,'2023-08-15 20:45:18',4),(1032,58,1,0,4,'2023-08-15 20:45:18',4),(1033,59,29,100,1,'2023-08-15 20:45:39',2),(1034,59,29,0,2,'2023-08-15 20:45:39',2),(1035,59,29,0,3,'2023-08-15 20:45:39',2),(1036,59,29,0,4,'2023-08-15 20:45:39',2),(1037,60,3,25,1,'2023-08-15 21:12:10',3),(1038,60,3,25,2,'2023-08-15 21:12:10',3),(1039,60,3,25,3,'2023-08-15 21:12:10',3),(1040,60,3,25,4,'2023-08-15 21:12:10',3),(1041,60,1,25,1,'2023-08-15 21:17:34',198),(1042,60,1,25,2,'2023-08-15 21:17:34',198),(1043,60,1,25,3,'2023-08-15 21:17:34',198),(1044,60,1,25,4,'2023-08-15 21:17:34',198),(1045,60,2,25,1,'2023-08-15 21:18:36',2),(1046,60,2,25,2,'2023-08-15 21:18:36',2),(1047,60,2,25,3,'2023-08-15 21:18:36',2),(1048,60,2,25,4,'2023-08-15 21:18:36',2),(1049,60,4,25,1,'2023-08-15 21:18:47',10),(1050,60,4,25,2,'2023-08-15 21:18:47',10),(1051,60,4,25,3,'2023-08-15 21:18:47',10),(1052,60,4,25,4,'2023-08-15 21:18:47',10),(1053,60,5,25,1,'2023-08-15 21:19:10',23),(1054,60,5,25,2,'2023-08-15 21:19:10',23),(1055,60,5,25,3,'2023-08-15 21:19:11',23),(1056,60,5,25,4,'2023-08-15 21:19:11',23),(1057,61,2,25,1,'2023-08-15 21:23:53',1),(1058,61,2,25,2,'2023-08-15 21:23:53',1),(1059,61,2,25,3,'2023-08-15 21:23:53',1),(1060,61,2,25,4,'2023-08-15 21:23:53',1),(1061,61,3,25,1,'2023-08-15 21:23:56',2),(1062,61,3,25,2,'2023-08-15 21:23:56',2),(1063,61,3,25,3,'2023-08-15 21:23:56',2),(1064,61,3,25,4,'2023-08-15 21:23:56',2),(1065,61,4,25,1,'2023-08-15 21:23:58',2),(1066,61,4,25,2,'2023-08-15 21:23:58',2),(1067,61,4,25,3,'2023-08-15 21:23:58',2),(1068,61,4,25,4,'2023-08-15 21:23:58',2),(1069,61,5,25,1,'2023-08-15 21:24:00',1),(1070,61,5,25,2,'2023-08-15 21:24:00',1),(1071,61,5,25,3,'2023-08-15 21:24:00',1),(1072,61,5,25,4,'2023-08-15 21:24:00',1),(1073,61,1,25,1,'2023-08-15 21:24:04',3),(1074,61,1,25,2,'2023-08-15 21:24:04',3),(1075,61,1,25,3,'2023-08-15 21:24:04',3),(1076,61,1,25,4,'2023-08-15 21:24:04',3),(1077,62,5,25,1,'2023-08-15 21:25:00',1),(1078,62,5,25,2,'2023-08-15 21:25:00',1),(1079,62,5,25,3,'2023-08-15 21:25:00',1),(1080,62,5,25,4,'2023-08-15 21:25:00',1),(1081,62,4,25,1,'2023-08-15 21:25:02',2),(1082,62,4,25,2,'2023-08-15 21:25:02',2),(1083,62,4,25,3,'2023-08-15 21:25:02',2),(1084,62,4,25,4,'2023-08-15 21:25:03',2),(1085,62,2,25,1,'2023-08-15 21:25:05',2),(1086,62,2,25,2,'2023-08-15 21:25:05',2),(1087,62,2,25,3,'2023-08-15 21:25:05',2),(1088,62,2,25,4,'2023-08-15 21:25:05',2),(1089,62,1,25,1,'2023-08-15 21:25:06',1),(1090,62,1,25,2,'2023-08-15 21:25:06',1),(1091,62,1,25,3,'2023-08-15 21:25:06',1),(1092,62,1,25,4,'2023-08-15 21:25:06',1),(1093,62,3,25,1,'2023-08-15 21:25:09',2),(1094,62,3,25,2,'2023-08-15 21:25:09',2),(1095,62,3,25,3,'2023-08-15 21:25:09',2),(1096,62,3,25,4,'2023-08-15 21:25:09',2),(1097,63,3,25,1,'2023-08-15 21:25:47',1),(1098,63,3,25,2,'2023-08-15 21:25:47',1),(1099,63,3,25,3,'2023-08-15 21:25:47',1),(1100,63,3,25,4,'2023-08-15 21:25:47',1),(1101,63,1,25,1,'2023-08-15 21:25:49',1),(1102,63,1,25,2,'2023-08-15 21:25:49',1),(1103,63,1,25,3,'2023-08-15 21:25:49',1),(1104,63,1,25,4,'2023-08-15 21:25:49',1),(1105,63,2,25,1,'2023-08-15 21:25:51',1),(1106,63,2,25,2,'2023-08-15 21:25:51',1),(1107,63,2,25,3,'2023-08-15 21:25:51',1),(1108,63,2,25,4,'2023-08-15 21:25:51',1),(1109,63,5,25,1,'2023-08-15 21:25:53',1),(1110,63,5,25,2,'2023-08-15 21:25:53',1),(1111,63,5,25,3,'2023-08-15 21:25:53',1),(1112,63,5,25,4,'2023-08-15 21:25:53',1),(1113,63,4,25,1,'2023-08-15 21:25:55',1),(1114,63,4,25,2,'2023-08-15 21:25:55',1),(1115,63,4,25,3,'2023-08-15 21:25:55',1),(1116,63,4,25,4,'2023-08-15 21:25:55',1),(1117,46,29,25,1,'2023-08-23 21:01:16',3),(1118,46,29,25,2,'2023-08-23 21:01:16',3),(1119,46,29,25,3,'2023-08-23 21:01:16',3),(1120,46,29,25,4,'2023-08-23 21:01:16',3),(1121,46,30,25,1,'2023-08-23 21:01:21',4),(1122,46,30,25,2,'2023-08-23 21:01:21',4),(1123,46,30,25,3,'2023-08-23 21:01:21',4),(1124,46,30,25,4,'2023-08-23 21:01:21',4),(1125,46,31,25,1,'2023-08-23 21:01:26',3),(1126,46,31,25,2,'2023-08-23 21:01:26',3),(1127,46,31,25,3,'2023-08-23 21:01:26',3),(1128,46,31,25,4,'2023-08-23 21:01:26',3),(1129,46,32,25,1,'2023-08-23 21:01:29',3),(1130,46,32,25,2,'2023-08-23 21:01:29',3),(1131,46,32,25,3,'2023-08-23 21:01:29',3),(1132,46,32,25,4,'2023-08-23 21:01:29',3),(1133,46,33,25,1,'2023-08-23 21:01:33',2),(1134,46,33,25,2,'2023-08-23 21:01:33',2),(1135,46,33,25,3,'2023-08-23 21:01:33',2),(1136,46,33,25,4,'2023-08-23 21:01:33',2),(1137,48,35,25,1,'2023-08-23 21:02:23',3),(1138,48,35,25,2,'2023-08-23 21:02:23',3),(1139,48,35,25,3,'2023-08-23 21:02:23',3),(1140,48,35,25,4,'2023-08-23 21:02:23',3),(1141,48,36,25,1,'2023-08-23 21:02:28',4),(1142,48,36,25,2,'2023-08-23 21:02:28',4),(1143,48,36,25,3,'2023-08-23 21:02:28',4),(1144,48,36,25,4,'2023-08-23 21:02:28',4),(1145,48,37,25,1,'2023-08-23 21:02:33',4),(1146,48,37,25,2,'2023-08-23 21:02:33',4),(1147,48,37,25,3,'2023-08-23 21:02:33',4),(1148,48,37,25,4,'2023-08-23 21:02:33',4),(1149,48,38,25,1,'2023-08-23 21:02:37',3),(1150,48,38,25,2,'2023-08-23 21:02:37',3),(1151,48,38,25,3,'2023-08-23 21:02:37',3),(1152,48,38,25,4,'2023-08-23 21:02:37',3),(1153,48,39,25,1,'2023-08-23 21:02:43',5),(1154,48,39,25,2,'2023-08-23 21:02:43',5),(1155,48,39,25,3,'2023-08-23 21:02:43',5),(1156,48,39,25,4,'2023-08-23 21:02:43',5),(1157,57,4,0,1,'2023-08-23 21:05:22',6),(1158,57,4,0,2,'2023-08-23 21:05:22',6),(1159,57,4,0,3,'2023-08-23 21:05:22',6),(1160,57,4,100,4,'2023-08-23 21:05:22',6),(1161,57,5,0,1,'2023-08-23 21:05:32',8),(1162,57,5,100,2,'2023-08-23 21:05:32',8),(1163,57,5,0,3,'2023-08-23 21:05:32',8),(1164,57,5,0,4,'2023-08-23 21:05:32',8),(1165,57,2,100,1,'2023-08-23 21:05:53',19),(1166,57,2,0,2,'2023-08-23 21:05:53',19),(1167,57,2,0,3,'2023-08-23 21:05:53',19),(1168,57,2,0,4,'2023-08-23 21:05:53',19),(1169,57,1,0,1,'2023-08-23 21:06:11',17),(1170,57,1,0,2,'2023-08-23 21:06:11',17),(1171,57,1,100,3,'2023-08-23 21:06:11',17),(1172,57,1,0,4,'2023-08-23 21:06:11',17),(1173,57,3,0,1,'2023-08-23 21:06:27',15),(1174,57,3,0,2,'2023-08-23 21:06:27',15),(1175,57,3,0,3,'2023-08-23 21:06:27',15),(1176,57,3,100,4,'2023-08-23 21:06:27',15),(1177,67,34,0,1,'2023-08-28 20:28:08',45),(1178,67,34,0,2,'2023-08-28 20:28:08',45),(1179,67,34,62,3,'2023-08-28 20:28:08',45),(1180,67,34,38,4,'2023-08-28 20:28:08',45),(1181,67,35,25,1,'2023-08-28 20:29:50',89),(1182,67,35,25,2,'2023-08-28 20:29:50',89),(1183,67,35,25,3,'2023-08-28 20:29:50',89),(1184,67,35,25,4,'2023-08-28 20:29:50',89),(1185,67,36,25,1,'2023-08-28 20:30:24',32),(1186,67,36,25,2,'2023-08-28 20:30:24',32),(1187,67,36,25,3,'2023-08-28 20:30:24',32),(1188,67,36,25,4,'2023-08-28 20:30:24',32),(1189,67,37,25,1,'2023-08-28 20:30:27',3),(1190,67,37,25,2,'2023-08-28 20:30:27',3),(1191,67,37,25,3,'2023-08-28 20:30:27',3),(1192,67,37,25,4,'2023-08-28 20:30:27',3),(1193,67,38,25,1,'2023-08-28 20:30:31',3),(1194,67,38,25,2,'2023-08-28 20:30:31',3),(1195,67,38,25,3,'2023-08-28 20:30:31',3),(1196,67,38,25,4,'2023-08-28 20:30:31',3),(1197,67,39,25,1,'2023-08-28 20:30:34',3),(1198,67,39,25,2,'2023-08-28 20:30:34',3),(1199,67,39,25,3,'2023-08-28 20:30:34',3),(1200,67,39,25,4,'2023-08-28 20:30:34',3),(1201,66,3,25,1,'2023-08-29 18:54:11',11),(1202,66,3,25,2,'2023-08-29 18:54:11',11),(1203,66,3,25,3,'2023-08-29 18:54:11',11),(1204,66,3,25,4,'2023-08-29 18:54:11',11),(1205,66,4,25,1,'2023-08-29 18:54:20',8),(1206,66,4,25,2,'2023-08-29 18:54:20',8),(1207,66,4,25,3,'2023-08-29 18:54:20',8),(1208,66,4,25,4,'2023-08-29 18:54:20',8),(1209,66,2,25,1,'2023-08-29 18:54:25',4),(1210,66,2,25,2,'2023-08-29 18:54:25',4),(1211,66,2,25,3,'2023-08-29 18:54:25',4),(1212,66,2,25,4,'2023-08-29 18:54:25',4),(1213,66,1,25,1,'2023-08-29 18:54:30',4),(1214,66,1,25,2,'2023-08-29 18:54:30',4),(1215,66,1,25,3,'2023-08-29 18:54:30',4),(1216,66,1,25,4,'2023-08-29 18:54:30',4),(1217,66,5,0,1,'2023-09-08 16:13:36',10),(1218,66,5,0,2,'2023-09-08 16:13:36',10),(1219,66,5,0,3,'2023-09-08 16:13:36',10),(1220,66,5,100,4,'2023-09-08 16:13:36',10),(1221,69,4,25,1,'2023-09-08 16:13:58',5),(1222,69,4,25,2,'2023-09-08 16:13:58',5),(1223,69,4,25,3,'2023-09-08 16:13:58',5),(1224,69,4,25,4,'2023-09-08 16:13:58',5),(1225,69,5,25,1,'2023-09-08 16:14:04',5),(1226,69,5,25,2,'2023-09-08 16:14:04',5),(1227,69,5,25,3,'2023-09-08 16:14:04',5),(1228,69,5,25,4,'2023-09-08 16:14:04',5),(1229,69,2,25,1,'2023-09-08 16:14:08',4),(1230,69,2,25,2,'2023-09-08 16:14:08',4),(1231,69,2,25,3,'2023-09-08 16:14:08',4),(1232,69,2,25,4,'2023-09-08 16:14:08',4),(1233,69,1,0,1,'2023-09-08 16:14:36',27),(1234,69,1,0,2,'2023-09-08 16:14:36',27),(1235,69,1,100,3,'2023-09-08 16:14:36',27),(1236,69,1,0,4,'2023-09-08 16:14:36',27),(1237,69,3,0,1,'2023-09-08 16:14:46',9),(1238,69,3,0,2,'2023-09-08 16:14:46',9),(1239,69,3,0,3,'2023-09-08 16:14:46',9),(1240,69,3,100,4,'2023-09-08 16:14:46',9),(1241,70,3,0,1,'2023-09-08 16:15:32',30),(1242,70,3,0,2,'2023-09-08 16:15:33',30),(1243,70,3,0,3,'2023-09-08 16:15:33',30),(1244,70,3,100,4,'2023-09-08 16:15:33',30),(1245,70,4,32,1,'2023-09-08 16:15:58',24),(1246,70,4,36,2,'2023-09-08 16:15:58',24),(1247,70,4,32,3,'2023-09-08 16:15:58',24),(1248,70,4,0,4,'2023-09-08 16:15:58',24),(1249,70,5,25,1,'2023-09-08 16:16:06',8),(1250,70,5,25,2,'2023-09-08 16:16:06',8),(1251,70,5,25,3,'2023-09-08 16:16:06',8),(1252,70,5,25,4,'2023-09-08 16:16:06',8),(1253,70,1,0,1,'2023-09-08 16:16:15',8),(1254,70,1,0,2,'2023-09-08 16:16:15',8),(1255,70,1,100,3,'2023-09-08 16:16:15',8),(1256,70,1,0,4,'2023-09-08 16:16:15',8),(1257,70,2,72,1,'2023-09-08 16:18:36',140),(1258,70,2,0,2,'2023-09-08 16:18:36',140),(1259,70,2,0,3,'2023-09-08 16:18:36',140),(1260,70,2,28,4,'2023-09-08 16:18:37',140),(1261,71,1,0,1,'2023-09-08 16:21:23',157),(1262,71,1,0,2,'2023-09-08 16:21:23',157),(1263,71,1,60,3,'2023-09-08 16:21:23',157),(1264,71,1,40,4,'2023-09-08 16:21:23',157),(1265,71,3,0,1,'2023-09-11 18:38:44',7),(1266,71,3,0,2,'2023-09-11 18:38:44',7),(1267,71,3,0,3,'2023-09-11 18:38:44',7),(1268,71,3,100,4,'2023-09-11 18:38:44',7),(1269,71,4,0,1,'2023-09-11 18:38:51',6),(1270,71,4,0,2,'2023-09-11 18:38:51',6),(1271,71,4,0,3,'2023-09-11 18:38:51',6),(1272,71,4,100,4,'2023-09-11 18:38:51',6),(1273,71,2,100,1,'2023-09-11 18:39:29',37),(1274,71,2,0,2,'2023-09-11 18:39:29',37),(1275,71,2,0,3,'2023-09-11 18:39:29',37),(1276,71,2,0,4,'2023-09-11 18:39:29',37),(1277,71,5,0,1,'2023-09-11 18:39:37',7),(1278,71,5,100,2,'2023-09-11 18:39:37',7),(1279,71,5,0,3,'2023-09-11 18:39:37',7),(1280,71,5,0,4,'2023-09-11 18:39:37',7),(1281,72,3,27,1,'2023-09-11 19:39:16',71),(1282,72,3,27,2,'2023-09-11 19:39:16',71),(1283,72,3,19,3,'2023-09-11 19:39:16',71),(1284,72,3,27,4,'2023-09-11 19:39:16',71),(1285,72,4,25,1,'2023-09-11 19:40:35',38),(1286,72,4,25,2,'2023-09-11 19:40:35',38),(1287,72,4,25,3,'2023-09-11 19:40:35',38),(1288,72,4,25,4,'2023-09-11 19:40:35',38),(1289,72,5,0,1,'2023-09-11 19:41:21',45),(1290,72,5,100,2,'2023-09-11 19:41:21',45),(1291,72,5,0,3,'2023-09-11 19:41:21',45),(1292,72,5,0,4,'2023-09-11 19:41:21',45),(1293,72,1,0,1,'2023-09-11 19:41:50',27),(1294,72,1,0,2,'2023-09-11 19:41:50',27),(1295,72,1,100,3,'2023-09-11 19:41:50',27),(1296,72,1,0,4,'2023-09-11 19:41:50',27),(1297,72,2,75,1,'2023-09-11 19:42:28',37),(1298,72,2,0,2,'2023-09-11 19:42:28',37),(1299,72,2,0,3,'2023-09-11 19:42:28',37),(1300,72,2,24,4,'2023-09-11 19:42:28',37),(1301,68,34,25,1,'2023-09-11 19:44:29',41),(1302,68,34,25,2,'2023-09-11 19:44:29',41),(1303,68,34,25,3,'2023-09-11 19:44:29',41),(1304,68,34,25,4,'2023-09-11 19:44:29',41),(1305,73,1,0,1,'2023-09-12 18:19:20',45),(1306,73,1,0,2,'2023-09-12 18:19:20',45),(1307,73,1,100,3,'2023-09-12 18:19:20',45),(1308,73,1,0,4,'2023-09-12 18:19:20',45),(1309,73,5,25,1,'2023-09-12 18:19:40',19),(1310,73,5,25,2,'2023-09-12 18:19:40',19),(1311,73,5,25,3,'2023-09-12 18:19:40',19),(1312,73,5,25,4,'2023-09-12 18:19:40',19),(1313,73,4,25,1,'2023-09-12 18:19:44',4),(1314,73,4,25,2,'2023-09-12 18:19:44',4),(1315,73,4,25,3,'2023-09-12 18:19:44',4),(1316,73,4,25,4,'2023-09-12 18:19:44',4),(1317,73,3,25,1,'2023-09-12 18:19:49',3),(1318,73,3,25,2,'2023-09-12 18:19:49',3),(1319,73,3,25,3,'2023-09-12 18:19:49',3),(1320,73,3,25,4,'2023-09-12 18:19:49',3),(1321,73,2,25,1,'2023-09-12 18:19:53',4),(1322,73,2,25,2,'2023-09-12 18:19:53',4),(1323,73,2,25,3,'2023-09-12 18:19:53',4),(1324,73,2,25,4,'2023-09-12 18:19:53',4),(1325,3,27,25,1,'2023-09-12 18:21:10',22),(1326,3,27,25,2,'2023-09-12 18:21:10',22),(1327,3,27,25,3,'2023-09-12 18:21:10',22),(1328,3,27,25,4,'2023-09-12 18:21:10',22),(1329,3,28,25,1,'2023-09-12 18:21:21',9),(1330,3,28,25,2,'2023-09-12 18:21:21',9),(1331,3,28,25,3,'2023-09-12 18:21:21',9),(1332,3,28,25,4,'2023-09-12 18:21:21',9),(1333,74,9,25,1,'2023-09-13 20:31:22',3),(1334,74,9,25,2,'2023-09-13 20:31:22',3),(1335,74,9,25,3,'2023-09-13 20:31:22',3),(1336,74,9,25,4,'2023-09-13 20:31:22',3),(1337,74,10,25,1,'2023-09-13 20:40:40',49),(1338,74,10,25,2,'2023-09-13 20:40:40',49),(1339,74,10,25,3,'2023-09-13 20:40:40',49),(1340,74,10,25,4,'2023-09-13 20:40:40',49),(1341,74,11,25,1,'2023-09-13 20:42:25',3),(1342,74,11,25,2,'2023-09-13 20:42:25',3),(1343,74,11,25,3,'2023-09-13 20:42:25',3),(1344,74,11,25,4,'2023-09-13 20:42:25',3),(1345,74,12,25,1,'2023-09-13 20:45:54',89),(1346,74,12,25,2,'2023-09-13 20:45:54',89),(1347,74,12,25,3,'2023-09-13 20:45:54',89),(1348,74,12,25,4,'2023-09-13 20:45:54',89),(1349,74,13,25,1,'2023-09-13 20:45:57',2),(1350,74,13,25,2,'2023-09-13 20:45:57',2),(1351,74,13,25,3,'2023-09-13 20:45:57',2),(1352,74,13,25,4,'2023-09-13 20:45:57',2),(1353,74,14,25,1,'2023-09-13 20:46:00',2),(1354,74,14,25,2,'2023-09-13 20:46:00',2),(1355,74,14,25,3,'2023-09-13 20:46:00',2),(1356,74,14,25,4,'2023-09-13 20:46:00',2),(1357,74,15,25,1,'2023-09-13 20:46:03',2),(1358,74,15,25,2,'2023-09-13 20:46:03',2),(1359,74,15,25,3,'2023-09-13 20:46:03',2),(1360,74,15,25,4,'2023-09-13 20:46:03',2),(1361,74,16,25,1,'2023-09-13 20:46:05',2),(1362,74,16,25,2,'2023-09-13 20:46:05',2),(1363,74,16,25,3,'2023-09-13 20:46:05',2),(1364,74,16,25,4,'2023-09-13 20:46:05',2),(1365,74,17,25,1,'2023-09-13 20:46:07',1),(1366,74,17,25,2,'2023-09-13 20:46:07',1),(1367,74,17,25,3,'2023-09-13 20:46:07',1),(1368,74,17,25,4,'2023-09-13 20:46:07',1),(1369,74,18,25,1,'2023-09-13 20:46:10',2),(1370,74,18,25,2,'2023-09-13 20:46:10',2),(1371,74,18,25,3,'2023-09-13 20:46:10',2),(1372,74,18,25,4,'2023-09-13 20:46:10',2),(1373,74,19,25,1,'2023-09-13 20:46:14',3),(1374,74,19,25,2,'2023-09-13 20:46:14',3),(1375,74,19,25,3,'2023-09-13 20:46:14',3),(1376,74,19,25,4,'2023-09-13 20:46:14',3),(1377,74,20,25,1,'2023-09-13 20:46:17',3),(1378,74,20,25,2,'2023-09-13 20:46:17',3),(1379,74,20,25,3,'2023-09-13 20:46:17',3),(1380,74,20,25,4,'2023-09-13 20:46:17',3),(1381,74,21,25,1,'2023-09-13 20:46:20',2),(1382,74,21,25,2,'2023-09-13 20:46:20',2),(1383,74,21,25,3,'2023-09-13 20:46:20',2),(1384,74,21,25,4,'2023-09-13 20:46:20',2),(1385,74,22,25,1,'2023-09-13 20:46:23',2),(1386,74,22,25,2,'2023-09-13 20:46:23',2),(1387,74,22,25,3,'2023-09-13 20:46:23',2),(1388,74,22,25,4,'2023-09-13 20:46:23',2),(1389,74,23,25,1,'2023-09-13 20:46:26',2),(1390,74,23,25,2,'2023-09-13 20:46:26',2),(1391,74,23,25,3,'2023-09-13 20:46:26',2),(1392,74,23,25,4,'2023-09-13 20:46:26',2),(1393,74,24,25,1,'2023-09-13 20:46:29',2),(1394,74,24,25,2,'2023-09-13 20:46:29',2),(1395,74,24,25,3,'2023-09-13 20:46:29',2),(1396,74,24,25,4,'2023-09-13 20:46:29',2),(1397,74,25,25,1,'2023-09-13 20:46:32',2),(1398,74,25,25,2,'2023-09-13 20:46:32',2),(1399,74,25,25,3,'2023-09-13 20:46:32',2),(1400,74,25,25,4,'2023-09-13 20:46:32',2),(1401,74,26,25,1,'2023-09-13 20:46:35',2),(1402,74,26,25,2,'2023-09-13 20:46:35',2),(1403,74,26,25,3,'2023-09-13 20:46:35',2),(1404,74,26,25,4,'2023-09-13 20:46:35',2),(1405,74,27,25,1,'2023-09-13 20:46:38',3),(1406,74,27,25,2,'2023-09-13 20:46:38',3),(1407,74,27,25,3,'2023-09-13 20:46:38',3),(1408,74,27,25,4,'2023-09-13 20:46:38',3),(1409,74,28,25,1,'2023-09-13 20:46:44',4),(1410,74,28,25,2,'2023-09-13 20:46:44',4),(1411,74,28,25,3,'2023-09-13 20:46:44',4),(1412,74,28,25,4,'2023-09-13 20:46:44',4),(1413,75,9,0,1,'2023-09-13 21:10:45',33),(1414,75,9,0,2,'2023-09-13 21:10:45',33),(1415,75,9,0,3,'2023-09-13 21:10:45',33),(1416,75,9,100,4,'2023-09-13 21:10:45',33),(1417,75,10,0,1,'2023-09-13 21:11:21',35),(1418,75,10,100,2,'2023-09-13 21:11:21',35),(1419,75,10,0,3,'2023-09-13 21:11:21',35),(1420,75,10,0,4,'2023-09-13 21:11:21',35),(1421,75,11,71,1,'2023-09-13 21:12:34',71),(1422,75,11,29,2,'2023-09-13 21:12:34',71),(1423,75,11,0,3,'2023-09-13 21:12:34',71),(1424,75,11,0,4,'2023-09-13 21:12:34',71),(1425,75,12,0,1,'2023-09-13 21:13:15',40),(1426,75,12,0,2,'2023-09-13 21:13:15',40),(1427,75,12,50,3,'2023-09-13 21:13:15',40),(1428,75,12,50,4,'2023-09-13 21:13:15',40),(1429,75,13,0,1,'2023-09-13 21:14:11',55),(1430,75,13,0,2,'2023-09-13 21:14:11',55),(1431,75,13,100,3,'2023-09-13 21:14:11',55),(1432,75,13,0,4,'2023-09-13 21:14:11',55),(1433,75,14,0,1,'2023-09-13 21:14:45',33),(1434,75,14,0,2,'2023-09-13 21:14:45',33),(1435,75,14,100,3,'2023-09-13 21:14:45',33),(1436,75,14,0,4,'2023-09-13 21:14:45',33),(1437,75,15,0,1,'2023-09-13 21:16:03',76),(1438,75,15,100,2,'2023-09-13 21:16:03',76),(1439,75,15,0,3,'2023-09-13 21:16:03',76),(1440,75,15,0,4,'2023-09-13 21:16:03',76),(1441,75,16,0,1,'2023-09-13 21:17:08',64),(1442,75,16,100,2,'2023-09-13 21:17:08',64),(1443,75,16,0,3,'2023-09-13 21:17:08',64),(1444,75,16,0,4,'2023-09-13 21:17:08',64),(1445,75,17,0,1,'2023-09-13 21:18:06',57),(1446,75,17,0,2,'2023-09-13 21:18:06',57),(1447,75,17,100,3,'2023-09-13 21:18:06',57),(1448,75,17,0,4,'2023-09-13 21:18:06',57),(1449,75,18,0,1,'2023-09-13 21:18:43',36),(1450,75,18,0,2,'2023-09-13 21:18:43',36),(1451,75,18,0,3,'2023-09-13 21:18:43',36),(1452,75,18,100,4,'2023-09-13 21:18:43',36),(1453,75,19,0,1,'2023-09-13 21:19:13',29),(1454,75,19,100,2,'2023-09-13 21:19:13',29),(1455,75,19,0,3,'2023-09-13 21:19:13',29),(1456,75,19,0,4,'2023-09-13 21:19:13',29),(1457,75,20,0,1,'2023-09-13 21:19:43',28),(1458,75,20,0,2,'2023-09-13 21:19:43',28),(1459,75,20,0,3,'2023-09-13 21:19:43',28),(1460,75,20,100,4,'2023-09-13 21:19:43',28),(1461,75,21,0,1,'2023-09-13 21:20:08',23),(1462,75,21,100,2,'2023-09-13 21:20:08',23),(1463,75,21,0,3,'2023-09-13 21:20:08',23),(1464,75,21,0,4,'2023-09-13 21:20:08',23),(1465,75,22,0,1,'2023-09-13 21:20:44',36),(1466,75,22,0,2,'2023-09-13 21:20:44',36),(1467,75,22,100,3,'2023-09-13 21:20:44',36),(1468,75,22,0,4,'2023-09-13 21:20:44',36),(1469,75,23,0,1,'2023-09-13 21:21:24',37),(1470,75,23,100,2,'2023-09-13 21:21:24',37),(1471,75,23,0,3,'2023-09-13 21:21:24',37),(1472,75,23,0,4,'2023-09-13 21:21:24',37),(1473,75,24,0,1,'2023-09-13 21:22:10',45),(1474,75,24,0,2,'2023-09-13 21:22:10',45),(1475,75,24,100,3,'2023-09-13 21:22:10',45),(1476,75,24,0,4,'2023-09-13 21:22:10',45),(1477,75,25,0,1,'2023-09-13 21:23:03',52),(1478,75,25,0,2,'2023-09-13 21:23:03',52),(1479,75,25,25,3,'2023-09-13 21:23:03',52),(1480,75,25,76,4,'2023-09-13 21:23:03',52),(1481,75,26,0,1,'2023-09-13 21:23:51',48),(1482,75,26,0,2,'2023-09-13 21:23:51',48),(1483,75,26,100,3,'2023-09-13 21:23:51',48),(1484,75,26,0,4,'2023-09-13 21:23:51',48),(1485,75,27,0,1,'2023-09-13 21:24:15',23),(1486,75,27,0,2,'2023-09-13 21:24:15',23),(1487,75,27,0,3,'2023-09-13 21:24:15',23),(1488,75,27,100,4,'2023-09-13 21:24:15',23),(1489,75,28,0,1,'2023-09-13 21:24:41',25),(1490,75,28,100,2,'2023-09-13 21:24:41',25),(1491,75,28,0,3,'2023-09-13 21:24:41',25),(1492,75,28,0,4,'2023-09-13 21:24:41',25),(1493,76,2,25,1,'2023-09-14 19:43:40',1),(1494,76,2,25,2,'2023-09-14 19:43:40',1),(1495,76,2,25,3,'2023-09-14 19:43:40',1),(1496,76,2,25,4,'2023-09-14 19:43:41',1),(1497,76,1,25,1,'2023-09-14 19:43:44',3),(1498,76,1,25,2,'2023-09-14 19:43:44',3),(1499,76,1,25,3,'2023-09-14 19:43:44',3),(1500,76,1,25,4,'2023-09-14 19:43:44',3),(1501,76,5,25,1,'2023-09-14 19:43:48',3),(1502,76,5,25,2,'2023-09-14 19:43:48',3),(1503,76,5,25,3,'2023-09-14 19:43:48',3),(1504,76,5,25,4,'2023-09-14 19:43:48',3),(1505,76,4,25,1,'2023-09-14 19:43:50',2),(1506,76,4,25,2,'2023-09-14 19:43:50',2),(1507,76,4,25,3,'2023-09-14 19:43:50',2),(1508,76,4,25,4,'2023-09-14 19:43:50',2),(1509,76,3,25,1,'2023-09-14 19:43:55',4),(1510,76,3,25,2,'2023-09-14 19:43:55',4),(1511,76,3,25,3,'2023-09-14 19:43:55',4),(1512,76,3,25,4,'2023-09-14 19:43:55',4),(1513,77,4,0,1,'2023-09-15 16:36:13',5),(1514,77,4,0,2,'2023-09-15 16:36:13',5),(1515,77,4,0,3,'2023-09-15 16:36:13',5),(1516,77,4,100,4,'2023-09-15 16:36:13',5),(1517,77,5,0,1,'2023-09-15 16:36:21',6),(1518,77,5,100,2,'2023-09-15 16:36:21',6),(1519,77,5,0,3,'2023-09-15 16:36:21',6),(1520,77,5,0,4,'2023-09-15 16:36:21',6),(1521,77,2,100,1,'2023-09-15 16:36:29',7),(1522,77,2,0,2,'2023-09-15 16:36:29',7),(1523,77,2,0,3,'2023-09-15 16:36:29',7),(1524,77,2,0,4,'2023-09-15 16:36:29',7),(1525,77,3,0,1,'2023-09-15 16:36:37',8),(1526,77,3,0,2,'2023-09-15 16:36:37',8),(1527,77,3,0,3,'2023-09-15 16:36:37',8),(1528,77,3,100,4,'2023-09-15 16:36:37',8),(1529,77,1,100,1,'2023-09-15 16:36:51',5),(1530,77,1,0,2,'2023-09-15 16:36:51',5),(1531,77,1,0,3,'2023-09-15 16:36:51',5),(1532,77,1,0,4,'2023-09-15 16:36:51',5),(1533,78,5,25,1,'2023-09-16 19:50:16',5),(1534,78,5,25,2,'2023-09-16 19:50:16',5),(1535,78,5,25,3,'2023-09-16 19:50:16',5),(1536,78,5,25,4,'2023-09-16 19:50:16',5),(1537,78,1,25,1,'2023-09-16 19:50:21',4),(1538,78,1,25,2,'2023-09-16 19:50:21',4),(1539,78,1,25,3,'2023-09-16 19:50:21',4),(1540,78,1,25,4,'2023-09-16 19:50:21',4),(1541,78,3,25,1,'2023-09-16 19:50:26',4),(1542,78,3,25,2,'2023-09-16 19:50:26',4),(1543,78,3,25,3,'2023-09-16 19:50:26',4),(1544,78,3,25,4,'2023-09-16 19:50:26',4),(1545,78,4,25,1,'2023-09-16 19:50:39',2),(1546,78,4,25,2,'2023-09-16 19:50:39',2),(1547,78,4,25,3,'2023-09-16 19:50:39',2),(1548,78,4,25,4,'2023-09-16 19:50:39',2),(1549,79,1,0,1,'2023-09-18 16:30:42',8),(1550,79,1,0,2,'2023-09-18 16:30:42',8),(1551,79,1,100,3,'2023-09-18 16:30:42',8),(1552,79,1,0,4,'2023-09-18 16:30:42',8),(1553,79,2,100,1,'2023-09-18 16:30:49',6),(1554,79,2,0,2,'2023-09-18 16:30:49',6),(1555,79,2,0,3,'2023-09-18 16:30:49',6),(1556,79,2,0,4,'2023-09-18 16:30:49',6),(1557,79,3,0,1,'2023-09-18 16:31:02',5),(1558,79,3,0,2,'2023-09-18 16:31:02',5),(1559,79,3,100,3,'2023-09-18 16:31:02',5),(1560,79,3,0,4,'2023-09-18 16:31:03',5),(1561,79,4,0,1,'2023-09-18 16:31:10',7),(1562,79,4,0,2,'2023-09-18 16:31:10',7),(1563,79,4,0,3,'2023-09-18 16:31:10',7),(1564,79,4,93,4,'2023-09-18 16:31:10',7),(1565,79,5,0,1,'2023-09-18 16:31:18',6),(1566,79,5,100,2,'2023-09-18 16:31:18',6),(1567,79,5,0,3,'2023-09-18 16:31:18',6),(1568,79,5,0,4,'2023-09-18 16:31:18',6),(1569,80,3,0,1,'2023-09-19 17:45:02',27),(1570,80,3,0,2,'2023-09-19 17:45:02',27),(1571,80,3,0,3,'2023-09-19 17:45:02',27),(1572,80,3,100,4,'2023-09-19 17:45:02',27),(1573,80,2,100,1,'2023-09-19 17:45:14',11),(1574,80,2,0,2,'2023-09-19 17:45:14',11),(1575,80,2,0,3,'2023-09-19 17:45:14',11),(1576,80,2,0,4,'2023-09-19 17:45:14',11),(1577,80,4,0,1,'2023-09-19 17:45:42',10),(1578,80,4,0,2,'2023-09-19 17:45:42',10),(1579,80,4,0,3,'2023-09-19 17:45:42',10),(1580,80,4,100,4,'2023-09-19 17:45:42',10),(1581,80,5,0,1,'2023-09-19 17:46:29',9),(1582,80,5,100,2,'2023-09-19 17:46:29',9),(1583,80,5,0,3,'2023-09-19 17:46:29',9),(1584,80,5,0,4,'2023-09-19 17:46:29',9),(1585,80,1,0,1,'2023-09-19 17:46:51',7),(1586,80,1,0,2,'2023-09-19 17:46:51',7),(1587,80,1,100,3,'2023-09-19 17:46:51',7),(1588,80,1,0,4,'2023-09-19 17:46:51',7),(1589,81,4,0,1,'2023-09-19 18:14:20',16),(1590,81,4,0,2,'2023-09-19 18:14:20',16),(1591,81,4,0,3,'2023-09-19 18:14:20',16),(1592,81,4,100,4,'2023-09-19 18:14:20',16),(1593,81,5,25,1,'2023-09-19 18:14:42',16),(1594,81,5,25,2,'2023-09-19 18:14:42',16),(1595,81,5,25,3,'2023-09-19 18:14:42',16),(1596,81,5,25,4,'2023-09-19 18:14:42',16),(1597,81,1,25,1,'2023-09-19 18:14:47',4),(1598,81,1,25,2,'2023-09-19 18:14:47',4),(1599,81,1,25,3,'2023-09-19 18:14:47',4),(1600,81,1,25,4,'2023-09-19 18:14:47',4),(1601,81,3,25,1,'2023-09-19 18:14:51',3),(1602,81,3,25,2,'2023-09-19 18:14:51',3),(1603,81,3,25,3,'2023-09-19 18:14:51',3),(1604,81,3,25,4,'2023-09-19 18:14:51',3),(1605,81,2,25,1,'2023-09-19 18:14:56',5),(1606,81,2,25,2,'2023-09-19 18:14:56',5),(1607,81,2,25,3,'2023-09-19 18:14:56',5),(1608,81,2,25,4,'2023-09-19 18:14:56',5),(1609,82,3,25,1,'2023-09-19 18:16:06',3),(1610,82,3,25,2,'2023-09-19 18:16:06',3),(1611,82,3,25,3,'2023-09-19 18:16:06',3),(1612,82,3,25,4,'2023-09-19 18:16:06',3),(1613,82,1,25,1,'2023-09-19 18:16:31',4),(1614,82,1,25,2,'2023-09-19 18:16:31',4),(1615,82,1,25,3,'2023-09-19 18:16:31',4),(1616,82,1,25,4,'2023-09-19 18:16:31',4),(1617,82,5,25,1,'2023-09-19 18:16:35',3),(1618,82,5,25,2,'2023-09-19 18:16:35',3),(1619,82,5,25,3,'2023-09-19 18:16:35',3),(1620,82,5,25,4,'2023-09-19 18:16:35',3),(1621,82,2,25,1,'2023-09-19 18:16:39',3),(1622,82,2,25,2,'2023-09-19 18:16:39',3),(1623,82,2,25,3,'2023-09-19 18:16:39',3),(1624,82,2,25,4,'2023-09-19 18:16:39',3),(1625,82,4,25,1,'2023-09-19 18:16:43',3),(1626,82,4,25,2,'2023-09-19 18:16:43',3),(1627,82,4,25,3,'2023-09-19 18:16:43',3),(1628,82,4,25,4,'2023-09-19 18:16:43',3);

--
-- Table structure for table `roles`
--

CREATE TABLE `roles` (
  `id` int NOT NULL AUTO_INCREMENT,
  `title` varchar(1000) NOT NULL,
  `is_admin` int DEFAULT '0',
  `can_reports` int DEFAULT '0',
  `can_course_build` int DEFAULT '0',
  `can_reports_extra_info_id` int DEFAULT '0',
  `can_reports_value` int DEFAULT '0',
  `has_group` int DEFAULT '0',
  PRIMARY KEY (`id`)
) ENGINE=InnoDB AUTO_INCREMENT=6 DEFAULT CHARSET=utf8mb4 COLLATE=utf8mb4_0900_ai_ci;

--
-- Dumping data for table `roles`
--

INSERT INTO `roles` VALUES (1,'admin',1,0,0,0,0,0),(2,'view reports',0,1,0,0,0,0),(3,'Editor',0,0,1,0,0,0),(4,'Hawaii Regional Manager',0,0,0,0,0,1),(5,'Canadian District Manager',0,0,0,0,0,1);

--
-- Table structure for table `roles_extra_info`
--

CREATE TABLE `roles_extra_info` (
  `id` int NOT NULL AUTO_INCREMENT,
  `role_id` int NOT NULL,
  `extra_info_id` int NOT NULL,
  PRIMARY KEY (`id`)
) ENGINE=InnoDB AUTO_INCREMENT=10 DEFAULT CHARSET=utf8mb4 COLLATE=utf8mb4_0900_ai_ci;

--
-- Dumping data for table `roles_extra_info`
--

INSERT INTO `roles_extra_info` VALUES (8,4,5),(9,5,5);

--
-- Table structure for table `surveys`
--

CREATE TABLE `surveys` (
  `id` int NOT NULL AUTO_INCREMENT,
  `title` varchar(600) DEFAULT NULL,
  `enabled` int DEFAULT '0',
  `img` varchar(1000) DEFAULT NULL,
  `display_content` varchar(1000) DEFAULT NULL,
  `randomized` int DEFAULT '0',
  `end_content` varchar(100) DEFAULT NULL,
  `randomized_questions` int DEFAULT '0',
  PRIMARY KEY (`id`)
) ENGINE=InnoDB AUTO_INCREMENT=5 DEFAULT CHARSET=utf8mb4 COLLATE=utf8mb4_0900_ai_ci;

--
-- Dumping data for table `surveys`
--

INSERT INTO `surveys` VALUES (1,'Practice Survey',1,'general_info.png','<p><span style=\"font-family: system-ui, -apple-system, \"Segoe UI\", Roboto, \"Helvetica Neue\", Arial, \"Noto Sans\", \"Liberation Sans\", sans-serif, \"Apple Color Emoji\", \"Segoe UI Emoji\", \"Segoe UI Symbol\", \"Noto Color Emoji\";\">Introductory survey of general information.</span><br></p>',1,'<p>Thank you for taking the survey.</p>',1),(2,'Hazardous Communications Survey',1,'Hazards_Pictograms.png','<p><br></p>',0,'<p>Thank you for taking this survey.</p>',0),(3,'Food Safety & Sanitation Survey',1,'food_safety.jpg','<p><span style=\"text-align: center;\"><font face=\"MavinPro\">Introductory survey of general Food safety and sanitation.</font></span><br></p>',0,'',0),(4,'Osteopathic Principles & Applications',1,'Osteopathic_Logo.jpg','<p>Introductory Osteopathic Readiness Survey</p>',0,'',0);

--
-- Table structure for table `surveys_questions`
--

CREATE TABLE `surveys_questions` (
  `id` int NOT NULL AUTO_INCREMENT,
  `survey_id` int NOT NULL,
  `question_id` int NOT NULL,
  PRIMARY KEY (`id`)
) ENGINE=InnoDB AUTO_INCREMENT=326 DEFAULT CHARSET=utf8mb4 COLLATE=utf8mb4_0900_ai_ci;

--
-- Dumping data for table `surveys_questions`
--

INSERT INTO `surveys_questions` VALUES (177,2,9),(178,2,10),(179,2,11),(180,2,12),(181,2,13),(182,2,14),(183,2,15),(184,2,16),(185,2,17),(186,2,18),(187,2,19),(188,2,20),(189,2,21),(190,2,22),(191,2,23),(192,2,24),(193,2,25),(194,2,26),(195,2,27),(196,2,28),(197,3,29),(198,3,30),(199,3,31),(200,3,32),(201,3,33),(270,4,34),(271,4,35),(272,4,36),(273,4,37),(274,4,38),(275,4,39),(321,1,1),(322,1,2),(323,1,5),(324,1,4),(325,1,3);

--
-- Table structure for table `users`
--

CREATE TABLE `users` (
  `id` int unsigned NOT NULL AUTO_INCREMENT,
  `email` varchar(249) CHARACTER SET utf8mb4 COLLATE utf8mb4_unicode_ci NOT NULL,
  `password` varchar(255) CHARACTER SET latin1 COLLATE latin1_general_cs NOT NULL,
  `username` varchar(100) CHARACTER SET utf8mb4 COLLATE utf8mb4_unicode_ci DEFAULT NULL,
  `status` tinyint unsigned NOT NULL DEFAULT '0',
  `verified` tinyint unsigned NOT NULL DEFAULT '0',
  `resettable` tinyint unsigned NOT NULL DEFAULT '1',
  `roles_mask` int unsigned NOT NULL DEFAULT '0',
  `registered` int unsigned NOT NULL,
  `last_login` int unsigned DEFAULT NULL,
  `force_logout` mediumint unsigned NOT NULL DEFAULT '0',
  `region` int DEFAULT NULL,
  `location` int DEFAULT NULL,
  PRIMARY KEY (`id`),
  UNIQUE KEY `email` (`email`)
) ENGINE=MyISAM AUTO_INCREMENT=26 DEFAULT CHARSET=utf8mb4 COLLATE=utf8mb4_unicode_ci;

--
-- Dumping data for table `users`
--

INSERT INTO `users` VALUES (1,'admin@readiness-survey.com','$2y$10$YUj20ZyDczFsVAhq2a6K4.FWSFx1CVYrLRMTj7vEIrfhcEaIH1Eoe','admin',0,1,1,0,1638743822,1695155730,11,3,9),(2,'dev@nuclearblender.com','$2y$10$7O3TYrMNjtWkzSGBfIWP8uEAg4VG5ibVpr8lCaVCYcwQmFubm6c8u','admin',0,1,1,0,1638743822,1675786478,1,NULL,NULL),(3,'peabo83@gmail.com','$2y$10$keb3yoW6OF3EKS/DnQhnteaTBRJRKcWHt3j1n.R.1gcLFbmNvKDEK','Mike Frost',0,1,1,0,1675621613,1675713626,1,NULL,NULL),(4,'peabo@ding.tips','$2y$10$7aoR3oEfoxM6z5A6Den88e8fruIK6uWlfwUd6kr/PktEHMkcisKb2','P D',0,1,1,0,1675623198,1675780474,1,2,5),(5,'jacklanders@bluewaterlearning.com','$2y$10$LkKyzkdYqzUm3Aa0rJze3u/gFxr4fGp/Y1xBSNDGXG.KqY.q62Uve','Jack Landers',0,1,1,0,1675808687,1695173123,0,NULL,NULL),(6,'mfrost@ding.tips','$2y$10$wDJsrvok.8Y8XnNQeDD3ouEchqHqZd6uXyNrM9mzf80SVee6F2jmG','Mike Frost',0,0,1,0,1675812819,NULL,0,NULL,NULL),(7,'efboone828@gmail.com','$2y$10$U9GfZTmfaREXPvbaNKP8Cu.kQ4rehXewg1GHv3Ej.4z8PjUrnHeGe','eboone',0,1,1,0,1676305782,1678310820,0,NULL,NULL),(8,'ben@ibpsa.com','$2y$10$CVGJjktyG0wv90Ze7j5sxOfKQ0amKr547e9nNPAPv7BFBzhmFde6.','Ben Day',0,1,1,0,1677187409,1678582113,0,NULL,NULL),(9,'ericfboone@gmail.com','$2y$10$kgAxChCz3BKAIO9DF7soreezIMmC6/rRt1d/ZnMor25PohVogC3D6','efboone',0,1,1,0,1678238254,1678302928,0,1,1),(25,'marynunaley@lavenderdragonteam.com','$2y$10$z/MGTqt7Spz/y16jOhDV3uMU.V0JrxEPs8NvyJN.6j80if.olRJsq','MaryN',0,1,1,0,1694863777,1694893933,0,NULL,NULL),(24,'nobody@ding.tips','$2y$10$s.gxW/Yv93Eva.bD3F0fM.p19H3Q1oMuwBurmxQIWdN6WF8C1.vi2','NOBODY',0,0,1,0,1692293202,NULL,0,NULL,NULL);

--
-- Table structure for table `users_confirmations`
--

CREATE TABLE `users_confirmations` (
  `id` int unsigned NOT NULL AUTO_INCREMENT,
  `user_id` int unsigned NOT NULL,
  `email` varchar(249) CHARACTER SET utf8mb4 COLLATE utf8mb4_unicode_ci NOT NULL,
  `selector` varchar(16) CHARACTER SET latin1 COLLATE latin1_general_cs NOT NULL,
  `token` varchar(255) CHARACTER SET latin1 COLLATE latin1_general_cs NOT NULL,
  `expires` int unsigned NOT NULL,
  PRIMARY KEY (`id`),
  UNIQUE KEY `selector` (`selector`),
  KEY `email_expires` (`email`,`expires`),
  KEY `user_id` (`user_id`)
) ENGINE=MyISAM AUTO_INCREMENT=24 DEFAULT CHARSET=utf8mb4 COLLATE=utf8mb4_unicode_ci;

--
-- Dumping data for table `users_confirmations`
--

INSERT INTO `users_confirmations` VALUES (8,10,'test@ding.tips','sl8kjjK2TvUiSnJe','$2y$10$76T9FhozEpubDS4k64tMMeQKKPXEA8wx5lPRH28QmvASgY.odMT.m',1692373131),(4,6,'mfrost@ding.tips','XIYvmehptFGTrjBn','$2y$10$wJqyOOrarKyd5GtZOW0JbuE.fYNPYsoAruZt4ytG.GYJcSmDXh3ri',1675899219),(9,11,'nobody@ding.tips','tTkAPqBFYxvS8fS4','$2y$10$LoWM7yul6h39iGnqGLCVPumTZcRUUTijR2/hL4LWEYchvfeFqIPH6',1692373417),(10,12,'nobody@ding.tips','f1UpAVyJ0Eg1PI0H','$2y$10$AuN.JKExWauYwRZ9Bfi7O.rijTK/YR1UQXGGpC2g17/Tnmd8cuGPq',1692374475),(11,13,'nobody@ding.tips','0ujguG4AaXQDRFxQ','$2y$10$Md6VCKUNtrQMZA9uZGQjcecQS69f3D6EyAu9b13vDdtQkcNeNrHH6',1692378181),(12,14,'nobody@ding.tips','Izl9uBlhXVoaLHI1','$2y$10$DPUZvJflGht2mEUDegB59.ycpjFYY6Umc/0rIYTQTC5FRTOFoYcCC',1692378353),(13,15,'nobody@ding.tips','xGGbCBMLCVvBDVYM','$2y$10$6RBDnQo8Lh0AJZDWrG886eCkB.7KMOAZaaztBd78m4jmGo5Nkcrdy',1692378586),(14,16,'nobody@ding.tips','rOG_q6qH33-lUmX4','$2y$10$uND45lL2TpStbBbtna6wuO9fQJmR94dTPdB0Ph.hEYR9Yeiq2r52y',1692378769),(15,17,'nobody@ding.tips','_TAVA0-CiZ50s9kp','$2y$10$tFH8S5oVyi8TnCc/und2ZOtSKVRIeStxfn9.c0ETSf6F6idUxmKfq',1692378816),(16,18,'nobody@ding.tips','c4b9-Hp0eFemPvWj','$2y$10$U/CBTp66oGQ0qWPoPKsPtO7ulyzlRV6b7cBeXW1JDYJGT8gWMlr4O',1692378851),(17,19,'nobody@ding.tips','qEGO3HF-m__b2Oj2','$2y$10$OAKcKNVECTDOTmU5xH3v1.4ECGSEuc/dbACBzV9umgXx/mLjtwI32',1692378934),(18,20,'nobody@ding.tips','w79dzEeoiAAdZnwF','$2y$10$UMFoe1sSZdUA/5iFgflj9ejmZXmltB4L2s8VFPm.h3SU90gdfNiLS',1692379122),(19,21,'nobody@ding.tips','6_dlJg4g3FgePMHV','$2y$10$pcWxx64rOgWSppS0rKgYle7t8Wl88WYTmijcPpe0lTCrQCq87cwby',1692379438),(20,22,'nobody@ding.tips','RWEJy-fFb28ND0Wj','$2y$10$AnV6nUPxtjxp9RUwkcqiMO36jCAucrzLK3qRClrA3gg1LTEHlRQ3u',1692379496),(21,23,'nobody@ding.tips','HHDKRadXaHkjkIcm','$2y$10$vahVFp1tzjgXg2G8aSSmP.Z7CVBdOODNBgiekHU94tL1RhTjguJny',1692379575),(22,24,'nobody@ding.tips','BdBupfVVNRpDflsR','$2y$10$r9Kwpiv7xOkOjnCtAbcDUegUwDAR3UZHL.bRZ8aSUFvktwhsrmPz6',1692379602);

--
-- Table structure for table `users_extra_info`
--

CREATE TABLE `users_extra_info` (
  `id` int NOT NULL AUTO_INCREMENT,
  `user_id` int NOT NULL,
  `extra_info_id` int NOT NULL,
  `type` int NOT NULL,
  `int_data` int DEFAULT NULL,
  `varchar_data` varchar(1000) DEFAULT NULL,
  PRIMARY KEY (`id`)
) ENGINE=InnoDB AUTO_INCREMENT=56 DEFAULT CHARSET=utf8mb4 COLLATE=utf8mb4_0900_ai_ci;

--
-- Dumping data for table `users_extra_info`
--

INSERT INTO `users_extra_info` VALUES (13,24,1,4,11,NULL),(29,1,1,4,22,NULL),(30,1,2,1,NULL,'UNSET'),(37,6,1,4,26,NULL),(50,3,3,2,45927,NULL),(51,3,1,4,11,NULL),(52,3,2,1,NULL,'Regional Manager'),(53,5,1,4,11,NULL),(54,25,2,1,NULL,'Co-Founder'),(55,25,3,2,0,NULL);

--
-- Table structure for table `users_remembered`
--

CREATE TABLE `users_remembered` (
  `id` bigint unsigned NOT NULL AUTO_INCREMENT,
  `user` int unsigned NOT NULL,
  `selector` varchar(24) CHARACTER SET latin1 COLLATE latin1_general_cs NOT NULL,
  `token` varchar(255) CHARACTER SET latin1 COLLATE latin1_general_cs NOT NULL,
  `expires` int unsigned NOT NULL,
  PRIMARY KEY (`id`),
  UNIQUE KEY `selector` (`selector`),
  KEY `user` (`user`)
) ENGINE=MyISAM DEFAULT CHARSET=utf8mb4 COLLATE=utf8mb4_unicode_ci;

--
-- Dumping data for table `users_remembered`
--


--
-- Table structure for table `users_resets`
--

CREATE TABLE `users_resets` (
  `id` bigint unsigned NOT NULL AUTO_INCREMENT,
  `user` int unsigned NOT NULL,
  `selector` varchar(20) CHARACTER SET latin1 COLLATE latin1_general_cs NOT NULL,
  `token` varchar(255) CHARACTER SET latin1 COLLATE latin1_general_cs NOT NULL,
  `expires` int unsigned NOT NULL,
  PRIMARY KEY (`id`),
  UNIQUE KEY `selector` (`selector`),
  KEY `user_expires` (`user`,`expires`)
) ENGINE=MyISAM AUTO_INCREMENT=3 DEFAULT CHARSET=utf8mb4 COLLATE=utf8mb4_unicode_ci;

--
-- Dumping data for table `users_resets`
--


--
-- Table structure for table `users_roles`
--

CREATE TABLE `users_roles` (
  `id` int NOT NULL AUTO_INCREMENT,
  `user_id` int NOT NULL,
  `role_id` int NOT NULL,
  `status` int DEFAULT '0',
  PRIMARY KEY (`id`)
) ENGINE=InnoDB AUTO_INCREMENT=29 DEFAULT CHARSET=utf8mb4 COLLATE=utf8mb4_0900_ai_ci;

--
-- Dumping data for table `users_roles`
--

INSERT INTO `users_roles` VALUES (1,1,1,1),(20,3,3,2),(21,3,2,2),(22,5,1,1),(23,3,4,2),(24,3,5,2),(25,3,4,2),(26,3,5,2),(27,3,4,2),(28,3,4,1);

--
-- Table structure for table `users_throttling`
--

CREATE TABLE `users_throttling` (
  `bucket` varchar(44) CHARACTER SET latin1 COLLATE latin1_general_cs NOT NULL,
  `tokens` float unsigned NOT NULL,
  `replenished_at` int unsigned NOT NULL,
  `expires_at` int unsigned NOT NULL,
  PRIMARY KEY (`bucket`),
  KEY `expires_at` (`expires_at`)
) ENGINE=MyISAM DEFAULT CHARSET=utf8mb4 COLLATE=utf8mb4_unicode_ci;

--
-- Dumping data for table `users_throttling`
--

INSERT INTO `users_throttling` VALUES ('kNwKbCM7jrmATvAlmmWSo5-g_-UXYgJNZ2QLv7HvygA',74,1695155730,1695695730),('i-VNIJAPV8o87UNz-VfZzKNuY7USrKw_JBWVSyHPxPw',73.0022,1675786394,1676326394),('RXUPKIC5Qg7LCJOQWqx1hBz0H6xsMoT_UjFhEvP1Upg',2.01738,1692293202,1692725202),('pEoZmCnM34C2P1e4V3cx__hAzvhlzWKU72ZgsWGSS74',47.8542,1675623263,1675695263),('FsEA4_qTAy75K-Lg_f_R1wMWwNvoi5JXmHjThBPbQfQ',28.0308,1675622685,1675694685),('x0625A03rJzXMRqDXJaA4xyffXuKomLI7sWDIj3LM3Y',28.0308,1675622685,1675694685),('i1sdfOZIuX9mbZ99Rdcyh_N97i_IGhEV1MjBAB1b1ZU',29,1675632834,1675704834),('TM0w9mbSMLgwK2iRknFCjVkn3pE-RYInYQJqQ_dEkc8',29,1675632834,1675704834),('82yH27K6yCV4qLZhdflTtOePFdeAMzRFV9cg1u6QinM',7,1675623895,1678043095),('YbW7eASbZXaJuej2_bOYj-5A8jdzDERN0C4IypUMTdE',7,1675623895,1678043095),('Pq2GQgbFShbttV2j1dt6uudKRujZ9XNZ0U50vzZ0R9Q',48.0181,1675623978,1675695978),('1mXj53bJOStUooYmgcztFDyY4X-caiqsBda4DJxykBo',29,1675675421,1675747421),('scBp989zuEeJIBLzN3MTVVeZJVWiXFicnj2OfeLl5Mc',29,1675675421,1675747421),('yc2X-aKAdVQN5CfzLcgxBMkQyuPNF9g7ZqgMlrxtS-E',49,1675632834,1675704834),('IXbb1ipVFTSsc-SYt8BK1ksS439DuH5q_OMW42vfWnI',19,1679063346,1679099346),('2ZFt2c0veLh0wO2ZimUaKNvYMPDZGJHFuEgKsRth5IU',499,1679063346,1679236146),('sOCee1cqd_QHEmKGIo6Lft4cyqPfJeNTN2UbacUv9Ww',49,1675661303,1675733303),('sqNPrtnSJ9CoPeNmVFGEaxUHcKkk39_K-0mCclQnvaw',49,1675675421,1675747421),('m7lp1sgghG1euPuYkao8PpAFteNUsGzPb4KXyyI_-SU',19,1675786386,1675822386),('igmzuq-acK1HWHg66oI8vd-YDmw_BfD-gzlQUOsPKFA',499,1675786386,1675959186),('NUKL0ZPCqVuU0tk2GzoSooUG-eCoSR_XSNc-iBuGFYg',7,1675786394,1678205594),('C0deQGYfQ-EgtUInV9TpZCV4iNg4Mb8IM4yQN5wzJC8',7,1675786394,1678205594),('4VGcujMwXkerwtGm5p6-IjciH47PnXslslsOxTMwlMs',48.0069,1675786478,1675858478),('FAMKSKnOQsOgb6NC1Vv111fzmFSzJIBuc3w4plgZXvs',28.0042,1675786478,1675858478),('rmsCquAzx2-xa2s4NLhqw7-i-Eb1_KIqgT6vw_KiVbE',28.0042,1675786478,1675858478),('I4NzfISmvTYeNAPg4C6417cLhl0eqz_J7tyGv-DRNKk',74,1695173123,1695713123),('sO1aM_cU6vGuEpfcgzu-n7YH5FJHDu-B4UvAbCVpqdE',4,1675808687,1676240687),('068MWfXVr7FYz-R9nCl_bfVOs7ZOGNJWnBtg69WQCV4',49,1675813379,1675885379),('v8hwVi3wtdK3xBu-9iaFCbGzF8plQrx5x-4iQhD-9h0',29,1675830889,1675902889),('dwXD3uKLLPLcbmFsls5FFU5-PkUPm7HEizIsjs7VWHI',29,1675830889,1675902889),('CEYK0OyCKG6Hkuthc9JMs2Tabwy7Fp6GTrvCh-M96jE',49,1675813536,1675885536),('gXGVZ1NfwF1Pxi4bB9G3gfmMFzKgZ-WjMqOo3eA0NQw',26.0408,1675813585,1675885585),('qa5M9_Xz-H6liG1GfEmwWHG8EqfGBQBKGpGadWwtOAo',26.0408,1675813585,1675885585),('TyIzzQRG4f_QPwV8GnWIh2mNfcQV2fuEwXX0xu-6PTA',48.0667,1675813585,1675885585),('idZIPzG0fvgg-LldEgQqF8bYDi_BY8f6eAI7QVbtwN8',49,1675813585,1675885585),('_BWEb029zD9IYVL7Gc7TV9KSiepUROmFAzGgLdnmMUo',49,1675830889,1675902889),('eVULm6Pbh_YEcEzUNB3VjdEYlgCyOvNnghiPXSc8ECM',74,1678310820,1678850820),('HHwFrpR9ML4IJwfSpfiFN6VYDEQw6KGqpXLdn0wDhJY',4,1678238254,1678670254),('coYmwPCF4uUsTB0PYNSgQVYbLETAdoHDiUm2qUU3iII',49,1678238298,1678310298),('rLWOFp1iSa_D4VaK0Il7YIY6kE3eVgMkM1of-5mpz8A',28.0192,1676305836,1676377836),('VL0jaKQbO4gwkUMMCLnKOjkqTOdQk32cyTy1vTnrvnA',28.0192,1676305836,1676377836),('ZJfG_lqw8wB_ukz-s7oBsZWw9FJH2NfmQXF_2DjMRIo',49,1676305836,1676377836),('LBaydn-BXN4aB7SVrMbeOcadBgVkLpFx0Onj2p9kIuM',72.0092,1678582112,1679122112),('axImWmFxd1Yj1H2my5txswj-lxxteEK4hbc8Ns4OxiM',4,1677187409,1677619409),('6Vn0a039uSXRkC5gzauchpVDOeYInyIzWk21atla9wQ',49,1677187467,1677259467),('E97oZfqbcX35BmqJEPulzwUODYiEW3EjqNpDkwJEsX4',29,1677187467,1677259467),('RPcCRBqRohZquTPM4u12ht9tqJ7kZ5Ts9kenqRlot3k',29,1677187467,1677259467),('vZ6xp2ZkWPOSbjXw9EAun8RXRWahORLhPWMlH8YbJpA',28.0092,1678238309,1678310309),('m_sgpQKx_i_jE5wAMkbgPNhe0479O7lMX7qjU1WucBo',28.0092,1678238309,1678310309),('8h_atqRRWc4wz1dGBlNqZ8teENtQQMQXKexdhKhpyyY',49,1678238309,1678310309),('VODpCcx_fKqBhBLJpX9BLcY7J581DHQs2c7fCUwgzLw',74,1678474185,1679014185),('SCwdofBWf9llfa0M8nm4hv8pKJJrFhKZvCtqy6qPJR8',74,1691805347,1692345347),('IhjsSJeIoV4wpv1iakscs3-7XNhgMtXNwncPC1Ui_4Q',73.0794,1694863777,1695403777),('HWgb9k3_pc2ACfsOnu6SQGi_THRpM2FTXBK77LYUCsQ',4,1694863777,1695295777),('9Wp3fhu3IwZkltCYv2orTAZyWWEHndHj5f6ILPwrvbo',49,1694863826,1694935826),('SEMwD6fzdpl9npm84rd9qgTK3WwZ3eNx-QYH2_5BFfg',28.0083,1694863836,1694935836),('HTiGd2idHn-xZDLPlkVMirqUjLHOh_rITJZ9c4-1SNk',28.0083,1694863836,1694935836),('vFpYORrzD2cTIZzKo1mO2Q8t5by_43Nhp3jFMd4Fqfw',49,1694863836,1694935836),('xj0WKhE-A-0ZX0iaRftbwIuqHVVMJWwMs6dCx0sBadg',73.0369,1694893933,1695433933);


